{"id":935,"date":"2018-11-25T15:22:29","date_gmt":"2018-11-25T14:22:29","guid":{"rendered":"http:\/\/www.voyagesutilesencampingcar.fr\/?page_id=935"},"modified":"2023-03-27T19:36:16","modified_gmt":"2023-03-27T18:36:16","slug":"escapades-2016","status":"publish","type":"page","link":"http:\/\/www.voyagesutilesencampingcar.fr\/?page_id=935","title":{"rendered":"Escapades 2016"},"content":{"rendered":"<h4><span style=\"color: #008000;\"><strong>\u2248&gt; 2016<\/strong><\/span><\/h4>\n<p><strong><img loading=\"lazy\" decoding=\"async\" class=\"size-full wp-image-668 alignleft\" src=\"http:\/\/www.voyagesutilesencampingcar.fr\/wp-content\/uploads\/2015\/06\/forez_1.png\" alt=\"forez_1\" width=\"250\" height=\"162\" srcset=\"http:\/\/www.voyagesutilesencampingcar.fr\/wp-content\/uploads\/2015\/06\/forez_1.png 250w, http:\/\/www.voyagesutilesencampingcar.fr\/wp-content\/uploads\/2015\/06\/forez_1-85x55.png 85w\" sizes=\"auto, (max-width: 250px) 100vw, 250px\" \/>LES MONTS du FOREZ<\/strong><\/p>\n<p><strong>Escapade en FOREZ<\/strong><\/p>\n<p><strong>Du 23 au 29 juillet 2016<\/strong><\/p>\n<p><strong>&nbsp;<a href=\"\/wp-content\/uploads\/2016\/08\/Escapade\/album\/index.html\" target=\"_blank\" rel=\"noopener\">(voir l&rsquo;album photos de Brigitte)<\/a><br \/>\n<\/strong><\/p>\n<p>&nbsp;<\/p>\n<p class=\"western\" align=\"justify\">Le samedi 23 juillet, \u00e0 Marols, ville de la Loire, Georges et Ren\u00e9e, nos organisateurs et guides pour cette escapade en Haut Forez r\u00e9ceptionnent les 13 campings caristes dont 9 nouveaux adh\u00e9rents au sein de VUCC.<\/p>\n<p class=\"western\" align=\"justify\">Les pr\u00e9sentations se poursuivent en fin d&rsquo;apr\u00e8s-midi autour d&rsquo;un ap\u00e9ro offert par Jacques et Annie DUPERCHY venus en voisin.<\/p>\n<p class=\"western\" align=\"justify\">Pour d\u00e9couvrir les Monts du Forez, situ\u00e9s dans le d\u00e9partement de la Loire, de la Haute Loire et du Puy de D\u00f4me, Georges nous informe que la route se fera en convoi.<\/p>\n<p class=\"western\" align=\"justify\">Le lendemain nous commen\u00e7ons par la visite de Marols qui est un joli village de caract\u00e8re et d&rsquo;artistes.<\/p>\n<p class=\"western\" align=\"justify\">Puis, nous nous dirigeons sur Boisset-St Priest. Nous sommes attendus par des vignerons o\u00f9 nous d\u00e9gustons et achetons des vins locaux. Le vin ros\u00e9 mi-sec est appr\u00e9ci\u00e9 par les dames !<\/p>\n<p class=\"western\" align=\"justify\">L&rsquo;apr\u00e8s-midi, nous avons rendez-vous au Cabinet de Curiosit\u00e9 \u00ab\u00a0Dragons, d\u00e9mons et merveilles\u00a0\u00bb de Daniel Pouget qui demeure \u00e0 Chazelles sur Lavieu. Une visite dans le couvent, riche d&rsquo;int\u00e9r\u00eat, car cet ethnographe est un excellent orateur et un conteur hors pair. Nous sommes tous sous le charme de cet homme et fascin\u00e9s par ses histoires fabuleuses racont\u00e9es sur un fond des Mille et une Nuits. Un lieu \u00e0 recommander !<\/p>\n<p class=\"western\" align=\"justify\">En fin d&rsquo;apr\u00e8s-midi, nous gagnons de l&rsquo;altitude en atteignant \u00ab\u00a0Les Hautes Chaumes\u00a0\u00bb du Forez, un bivouac est pr\u00e9vu pr\u00e8s de la Jasserie de Garnier situ\u00e9e vers St Bonnet le Courreau.<\/p>\n<p class=\"western\" align=\"justify\">Le lendemain, nous avons l&rsquo;occasion de d\u00e9guster d&rsquo;acheter les diff\u00e9rentes fourmes de la r\u00e9gion (fourme de Montbrison et fourme d&rsquo;Ambert) dans une fromagerie \u00ab\u00a0du Pont de la Pierre\u00a0\u00bb.<\/p>\n<p class=\"western\" align=\"justify\">A midi, Jean et Georgette nous accueillent dans leur maison de campagne situ\u00e9e dans un hameau typique du Forez dans la r\u00e9gion de Sauvain. Des plats locaux ont \u00e9t\u00e9 pr\u00e9par\u00e9s, entre autres, par H\u00e9l\u00e8ne et Bernard BEAULAGUE. L&rsquo;ambiance est \u00e0 la convivialit\u00e9, \u00e0 l&rsquo;amiti\u00e9.<\/p>\n<p class=\"western\" align=\"justify\">La digestion se fait au cours d&rsquo;une randonn\u00e9e dans les sous-bois environnants et en soir\u00e9e le bivouac s&rsquo;installe sur place, en pleine nature. Merci \u00e0 Jean, Georgette, H\u00e9l\u00e8ne et Bernard.<\/p>\n<p class=\"western\" align=\"justify\">Nous poursuivons notre circuit vers le Col du B\u00e9al par Chalmazel avec de belles vues sur la r\u00e9gion.<\/p>\n<p class=\"western\" align=\"justify\">Nous nous arr\u00eatons pour la visite du \u00ab\u00a0Moulin \u00e0 Papier Richard de Bas\u00a0\u00bb, dernier moulin papetier et mus\u00e9e historique du papier qui existe depuis 700 ans. Nous d\u00e9couvrons comment le recyclage des vieux chiffons de coton et de lin se transforme sous le mart\u00e8lement des piles \u00e0 maillets. Le papier est destin\u00e9 aux artistes peintres, graveurs et relieurs.<\/p>\n<p class=\"western\" align=\"justify\">Nous continuons notre route dans la vall\u00e9e de l&rsquo;Ance et du Forez, en direction du site de Montpeloux. Dans un lieu embl\u00e9matique, nous d\u00e9couvrons un site magnifique avec son volcan, son th\u00e9\u00e2tre hors norme, avec ses orgues (colonnes basaltiques) qui tombent de 60 m dans un lac. C&rsquo;est magnifique !<\/p>\n<p class=\"western\" align=\"justify\">Mercredi 27 juillet, nous continuons la ballade en passant par Viverols, Meyd\u00e9rols et Vauribeyre o\u00f9 nous d\u00e9couvrons avec ravissement de curieux personnages dans tout le village.<\/p>\n<p class=\"western\" align=\"justify\">Nous avons appris que chaque ann\u00e9e et depuis 6 ans, les habitants de cette commune r\u00e9alisent ensemble des \u00e9pouvantails avec chacun un th\u00e8me, une profession et les exposent pr\u00e8s des maisons. C&rsquo;est une collection fabuleuse que chaque camping cariste a admir\u00e9 et a photographi\u00e9.<\/p>\n<p class=\"western\" align=\"justify\">En soir\u00e9e, une surprise nous attendait \u00e0 Apinac, dans la grange de Michel et Aim\u00e9 Bourgin (des gens charmants et vrais !). Un ap\u00e9ritif dinatoire accompagn\u00e9 de musique est organis\u00e9. Ce fut une soir\u00e9e pleine de joie et de gaiet\u00e9, une fois de plus. Merci \u00e0 nos h\u00f4tes.<\/p>\n<p class=\"western\" align=\"justify\">Bivouac sur place. Merci \u00e0 Michel et \u00e0 Aim\u00e9.<\/p>\n<p class=\"western\" align=\"justify\">Le lendemain Jeudi ,ballade en matin\u00e9e puis nous visitons le \u00ab\u00a0Moulin Vignal\u00a0\u00bb situ\u00e9 \u00e0 Apinac. C&rsquo;est un ensemble constitu\u00e9 d&rsquo;un logis, d&rsquo;un moulin \u00e0 farine, d&rsquo;un moulin \u00e0 huile de colza du XVIIe si\u00e8cle qui se situe dans un cadre champ\u00eatre tr\u00e8s agr\u00e9able. Une jeune fille b\u00e9n\u00e9vole et passionn\u00e9e nous fait revivre l&rsquo;histoire de la fabrication de la farine et de l&rsquo;huile \u00e0 partir d&rsquo;anciens mat\u00e9riels.<\/p>\n<p class=\"western\" align=\"justify\">L&rsquo;apr\u00e8s-midi visite du Mus\u00e9e r\u00e9gional d&rsquo;Usson en Forez qui pr\u00e9sente une riche collection illustrant les traditions et savoir-faire du Haut Forez du 19<sup>e<\/sup> et 20<sup>e<\/sup> si\u00e8cle.<\/p>\n<p class=\"western\" align=\"justify\">Puis nous nous dirigeons \u00e0 St Bonnet le Ch\u00e2teau, situ\u00e9e au carrefour de la Loire, Haute Loire et du Puy de D\u00f4me. Ville fortifi\u00e9e, avec un riche pass\u00e9 historique datant de l&rsquo;\u00e9poque m\u00e9di\u00e9vale, avec ses mus\u00e9es, sa crypte, sa coll\u00e9giale et ses momies,<\/p>\n<p class=\"western\">Nous visitons la Coll\u00e9giale, inscrite aux Monuments Historiques depuis 1922. La premi\u00e8re pierre fut pos\u00e9e en 1400 et l&rsquo;ouvrage termin\u00e9 en 1418.<\/p>\n<p class=\"western\" align=\"justify\">La visite se poursuit vers la Porte de la Ch\u00e2telaine et la Porte Mandrin<\/p>\n<p class=\"western\" align=\"justify\">Puis nous d\u00e9couvrons la Maison Dupuy o\u00f9 naquit en 1451 Fran\u00e7ois Dupuy Pr\u00eatre, sup\u00e9rieur g\u00e9n\u00e9ral de la Grande Chartreuse. Ainsi que la Maison d&rsquo;Epinac du XVe si\u00e8cle, une des plus anciennes maisons de St Bonnet le Ch\u00e2teau<\/p>\n<p class=\"western\" align=\"justify\">Stationnement pour la nuit sur l&rsquo;aire de camping-car pr\u00e8s du centre ville. Quelques uns du groupe ont assist\u00e9, dans la soir\u00e9e, \u00e0 un spectacle de musique de jazz, situ\u00e9 \u00e0 quelques m\u00e8tres de notre bivouac.<\/p>\n<p class=\"western\" align=\"justify\">Le vendredi 29 juillet, dernier jour de notre p\u00e9riple, nous visitons le march\u00e9 de St Bonnet le Ch\u00e2teau. Ce march\u00e9 est l\u2019un des plus important de la r\u00e9gion et s&rsquo;\u00e9tend sur toute la ville.<\/p>\n<p class=\"western\" align=\"justify\">A midi, Georges nous a r\u00e9serv\u00e9 un menu r\u00e9gional au Restaurant Le Befranc (ancienne gendarmerie). Tout le monde \u00e9tait ravi et s&rsquo;est r\u00e9gal\u00e9. Ce fut le repas de fin de s\u00e9jour.<\/p>\n<p class=\"western\" align=\"justify\">Puis comme St Bonnet le Ch\u00e2teau est la capitale mondiale de la boule de p\u00e9tanque, nous sommes all\u00e9s visiter l&rsquo;usine de la Boule \u00ab\u00a0Obut\u00a0\u00bb o\u00f9 nous avons appris comment sont fabriqu\u00e9es les boules de p\u00e9tanques.<\/p>\n<p class=\"western\" align=\"justify\">En fin d&rsquo;apr\u00e8s-midi, nous poursuivons notre route pour Montarcher, village de caract\u00e8re.<\/p>\n<p class=\"western\" align=\"justify\">Sa particularit\u00e9 r\u00e9side dans sa situation \u00e0 1150 m d&rsquo;altitude, couronnant un piton granitique, le village de 60 habitants domine la vall\u00e9e de l&rsquo;Andrable et offre, depuis l&rsquo;ancien donjon, un panorama sur 360 degr\u00e9s. Sur son piton, une pittoresque et petite \u00e9glise propose des concerts durant la saison touristique.<\/p>\n<p class=\"western\" align=\"justify\">Le Samedi 30 juillet, apr\u00e8s des \u00e9changes d&rsquo;amiti\u00e9, les participants se sont salu\u00e9s chaleureusement et sont retourn\u00e9s chacun dans leur r\u00e9gion.<\/p>\n<p class=\"western\" align=\"justify\">Encore merci \u00e0 Georges pour la tr\u00e8s bonne organisation de ce voyage et d\u2019avoir pr\u00e9vu une m\u00e9t\u00e9o favorable\u2026<\/p>\n<p class=\"western\" align=\"justify\">Le circuit \u00e9tait tr\u00e8s bien, d&rsquo;ailleurs chaque participant est demandeur de ce type de circuit et il est demand\u00e9 \u00e0 chacun de proposer la d\u00e9couverte de leur r\u00e9gion.<\/p>\n<p class=\"western\" align=\"justify\">En r\u00e9sum\u00e9, les adh\u00e9rents ont particip\u00e9 dans la bonne humeur, la joie de vivre et l&rsquo;amiti\u00e9. Bravo et merci \u00e0 toutes et \u00e0 tous. J&rsquo;esp\u00e8re que l&rsquo;on se reverra lors d&rsquo;un voyage. En attendant prenez soin de vous tous.<\/p>\n<p class=\"western\" align=\"justify\">Brigitte et Jacky (Charnay-les-M\u00e2con)<\/p>\n<p>&nbsp;<\/p>\n<p>______________________________________________________________________________<\/p>\n<p><strong><a href=\"http:\/\/www.voyagesutilesencampingcar.fr\/wp-content\/uploads\/2015\/06\/VUCC.jpg\"><img loading=\"lazy\" decoding=\"async\" class=\"size-full wp-image-605 alignleft\" src=\"http:\/\/www.voyagesutilesencampingcar.fr\/wp-content\/uploads\/2015\/06\/VUCC.jpg\" alt=\"VUCC\" width=\"150\" height=\"200\" srcset=\"http:\/\/www.voyagesutilesencampingcar.fr\/wp-content\/uploads\/2015\/06\/VUCC.jpg 150w, http:\/\/www.voyagesutilesencampingcar.fr\/wp-content\/uploads\/2015\/06\/VUCC-41x55.jpg 41w\" sizes=\"auto, (max-width: 150px) 100vw, 150px\" \/><\/a>LE MARAIS POITEVIN<\/strong><\/p>\n<p>9 \u00e9quipages ont parcouru et d\u00e9couvert le Marais Poitevin du 6 au 13 juin 2016.<\/p>\n<p>&nbsp;<\/p>\n<p>&nbsp;<\/p>\n<p>&nbsp;<\/p>\n<p>&nbsp;<\/p>\n<p><strong>Quelques t\u00e9moignages des participants et des organisateurs :<\/strong><\/p>\n<ul>\n<li><strong>H\u00e9l\u00e8ne et Bernard (<\/strong><a href=\"http:\/\/marais2016.canalblog.com\/\" target=\"_blank\" rel=\"noopener\">+ le blog tenu par H\u00e9l\u00e8ne \u00e0 voir par ici<\/a><strong>)<br \/>\n<\/strong><\/li>\n<\/ul>\n<p><em>D\u00e9couverte compl\u00e8te et vari\u00e9e de la r\u00e9gion avec atouts bien cibl\u00e9s.<br \/>\nNombre de participants suffisant pour lier connaissance.<br \/>\nBriefing-ap\u00e9ritif de 19h00 convivial et important.<br \/>\nNous sommes revenus enthousiasm\u00e9s et repos\u00e9s (zen).<br \/>\nMerci \u00e0 V\u00e9ronique et Jacky pour leur implication et d\u00e9vouement.<\/em><\/p>\n<ul>\n<li><strong>Maryse et Michel<\/strong><\/li>\n<\/ul>\n<p><em>Pour notre premi\u00e8re sortie VUCC nous sommes partis avec 16 autres camping-caristes en \u00ab escapade \u00bb sous la houlette de V\u00e9ronique et Jacky, notre organisateur. C\u2019est avec un r\u00e9el plaisir que nous avons red\u00e9couvert le Marais Poitevin. C\u2019est dans la bonne humeur que s\u2019est d\u00e9roul\u00e9e cette semaine de d\u00e9couverte des paysages des marais, promenades en barques et observation de la faune locale. Nous avions d\u2019excellents compagnons de voyage que nous aimerions retrouver. Un grand MERCI \u00e0 V\u00e9ronique et \u00e0 Jacky. Ils avaient tout pr\u00e9vu pour notre plaisir, m\u00eame le beau temps !<\/em><\/p>\n<ul>\n<li><strong>Maryl\u00e8ne et Jean-Claude<\/strong><\/li>\n<\/ul>\n<p><em>Si vous aimez le tout terrain en camping-car&nbsp; au bord des marais, l\u2019arr\u00eat d\u00e9jeuner au son des tron\u00e7onneuses, le passage des cours d\u2019eau en barque \u00e0 chaines, les balades en v\u00e9lo \u00e0 s\u2019en faire p\u00e9ter les pneus,&nbsp; les ap\u00e9ros dans la froidure des soir\u00e9es de Juin \u2026<\/em><br \/>\n<em> Si vous aimez observer les oiseaux, ou d\u00e9couvrir les vielles pierres du Poitou\u2026<\/em><br \/>\n<em> Si vous aimez les macarons, les&nbsp; mogettes, les anguilles, &nbsp;et autres vins de Mareuil \u2026<\/em><br \/>\n<em> Alors vous auriez aim\u00e9 notre escapade dans le marais Poitevin tr\u00e8s bien organis\u00e9e et en plus dans une ambiance chaleureuse&nbsp;!<\/em><\/p>\n<ul>\n<li><strong>Marinette et Jean-Louis<\/strong><\/li>\n<\/ul>\n<p><em>Nous sommes ravis d\u2019avoir particip\u00e9 \u00e0 la premi\u00e8re escapade VUCC en marais poitevin. Tr\u00e8s r\u00e9ussie gr\u00e2ce au choix et \u00e0 l\u2019excellente organisation de Jacky et V\u00e9ronique.<br \/>\nLe programme de la semaine a \u00e9t\u00e9 suffisamment vari\u00e9 pour plaire \u00e0 chacun de nous.<br \/>\nLes d\u00e9placements: \u00e0 pied, en barque, \u00e0 v\u00e9lo, en bateau, en CC<br \/>\nBonne id\u00e9e : le covoiturage pour acc\u00e9der aux sites. Les trajets nous donnant l\u2019occasion de mieux faire connaissance.<br \/>\nNos bivouacs tranquilles nous ont permis de nous retrouver tous les soirs pour des ap\u00e9ro dinatoires . Le premier pr\u00e9par\u00e9 par V\u00e9ronique restera dans les annales.<br \/>\nEnfin pour nous , la semaine a \u00e9t\u00e9 superbe!<br \/>\nMerci \u00e0 Jacky et V\u00e9ronique<\/em><\/p>\n<ul>\n<li><strong>Jeanine et Alain<\/strong><\/li>\n<\/ul>\n<p><em>Nous avons \u00e9t\u00e9 tr\u00e8s content de faire cette premi\u00e8re escapade. L&rsquo;ensemble des \u00e9quipages \u00e9tait tr\u00e8s sympa et il s&rsquo;est d\u00e9gag\u00e9e vraiment une ambiance amicale.<br \/>\nLe programme avait \u00e9t\u00e9 bien fait et nous avons appr\u00e9ci\u00e9 la diversit\u00e9 des activit\u00e9s: promenades diverses \u00e0 pied, balade en v\u00e9lo et visite en bateau dans les marais, le tout avec un beau temps. Cette rencontre nous a permis au gr\u00e9 du hasard de retrouver des membres de VUCC avec qui nous n&rsquo;avions jamais voyag\u00e9.<br \/>\nNul doute que cette escapade a pu donner des id\u00e9es \u00e0 quelques uns pour faire d\u00e9couvrir nos belles r\u00e9gions de France, en oubliant l&rsquo;appr\u00e9hension d&rsquo;une pr\u00e9paration de voyage.<\/em><\/p>\n<ul>\n<li><strong>Jo\u00eblle et Claude<\/strong><\/li>\n<\/ul>\n<p><em>Chapeau \u00e0 Jacky et V\u00e9ronique pour cette belle escapade, pour leur premi\u00e8re escapade r\u00e9ussie et enthousiaste en plus le beau temps \u00e9tait au rendez-vous.<br \/>\nOrganisation super, une \u00e9quipe tr\u00e8s soud\u00e9e et partante pour les prochaines. Un programme int\u00e9ressant plein de d\u00e9couvertes de choses cocasses, encore bravo.<br \/>\nCette escapade nous a permis de connaitre mieux les nouveaux, de sympathiser, de retrouver aussi les anciens \u00e0 revoir et recommencer une prochaine escapade c&rsquo;\u00e9tait formidable.<\/em><\/p>\n<ul>\n<li><strong>Jacqueline et Andr\u00e9<\/strong><\/li>\n<\/ul>\n<p><em>&#8230; avant de f\u00eater la victoire ( Euro-foot oblige !), f\u00eatons la r\u00e9ussite de cette premi\u00e8re escapade&#8230; Vaste th\u00e9\u00e2tre que ce marais Poitevin. Un programme enthousiaste, insolite, ayant comme r\u00f4le principal, la rencontre, la d\u00e9couverte, le partage, la convivialit\u00e9, l&rsquo;\u00e9change&#8230; Une mise en sc\u00e8ne parfaitement r\u00e9alis\u00e9e et r\u00e9ussie par nos amis V\u00e9ronique et Jacky; o\u00f9 nous n&rsquo;\u00e9tions que les simples acteurs !..<br \/>\nGageons que cette premi\u00e8re escapade suscite, donne des \u00a0\u00bb ailes \u00a0\u00bb et tire la cha\u00eene vers d&rsquo;autres sites &#8230;<br \/>\nLe spectacle VUCC, c&rsquo;est aussi tout cela &#8230;<br \/>\nMerci V\u00e9ronique, merci Jacky, vos sourires et votre \u00e9coute ont \u00e9t\u00e9 notre moteur.<br \/>\nBON VENT, BEL \u00c9T\u00c9. <\/em><\/p>\n<ul>\n<li><strong>V\u00e9ronique et Jacky<\/strong><\/li>\n<\/ul>\n<p><strong>un petit retour du \u00ab\u00a0v\u00e9cu\u00a0\u00bb de l&rsquo;escapade en Marais Poitevin par V\u00e9ronique et Jacky initiateurs du projet<\/strong><br \/>\n<em>L&rsquo;escapade selon le programme joint s&rsquo;est d\u00e9roul\u00e9e dans son int\u00e9gralit\u00e9 jusqu&rsquo;au samedi 15h avec la participation de 9 \u00e9quipages.<br \/>\nPour ce qui nous concerne le rythme a \u00e9t\u00e9 agr\u00e9able avec un \u00ab\u00a0d\u00e9brieffing\u00a0\u00bb cool en fin de journ\u00e9e avec l&rsquo;avantage d&rsquo;un temps beau et chaud ; certaines soir\u00e9es se sont termin\u00e9es apr\u00e8s 22 h (avantage des bivouacs o\u00f9 la g\u00eane \u00e0 autrui n&rsquo;existe pas).<br \/>\nNous avons appr\u00e9ci\u00e9 la mixit\u00e9 d&rsquo;\u00e2ge du groupe (mixit\u00e9 des \u00e2ges et des anciennet\u00e9s VUCC)<br \/>\nLes \u00e9changes ont \u00e9t\u00e9 crois\u00e9s et multiples et chacun a \u00e9t\u00e9 acteur du bon d\u00e9roulement, le tout avec une bonne dose de convivialit\u00e9 et de bonne humeur.<br \/>\nLa vari\u00e9t\u00e9 du programme a plu, nous le croyons, \u00e0 tous les participants et le c\u00f4t\u00e9 nature \u00ab\u00a0zen\u00a0\u00bb du marais poitevin se pr\u00eatait \u00e0 apporter au groupe cette sensation du \u00ab\u00a0bien vivre ensemble\u00a0\u00bb cette nouvelle exp\u00e9rience.<br \/>\nPour nous le plaisir a \u00e9t\u00e9 r\u00e9el de faire d\u00e9couvrir notre r\u00e9gion dans des d\u00e9tails les plus inhabituels que le touriste classique ne rencontre pas.<br \/>\nNous \u00ab\u00a0caressons\u00a0\u00bb l&rsquo;espoir que d&rsquo;autres initiatives verront le jour&#8230;&#8230;&#8230;&#8230;.<\/em><\/p>\n","protected":false},"excerpt":{"rendered":"<p>\u2248&gt; 2016 LES MONTS du FOREZ Escapade en FOREZ Du 23 au 29 juillet 2016 &nbsp;(voir l&rsquo;album photos de Brigitte) &nbsp; Le samedi 23 juillet, \u00e0 Marols, ville de la Loire, Georges et Ren\u00e9e, nos organisateurs et guides pour cette escapade en Haut Forez r\u00e9ceptionnent les 13 campings caristes dont 9 nouveaux adh\u00e9rents au sein &hellip; <a href=\"http:\/\/www.voyagesutilesencampingcar.fr\/?page_id=935\">Continue reading <span class=\"meta-nav\">&rarr;<\/span><\/a><\/p>\n","protected":false},"author":1,"featured_media":0,"parent":537,"menu_order":0,"comment_status":"closed","ping_status":"closed","template":"template-sidebar-right.php","meta":{"footnotes":""},"class_list":["post-935","page","type-page","status-publish","hentry"],"_links":{"self":[{"href":"http:\/\/www.voyagesutilesencampingcar.fr\/index.php?rest_route=\/wp\/v2\/pages\/935","targetHints":{"allow":["GET"]}}],"collection":[{"href":"http:\/\/www.voyagesutilesencampingcar.fr\/index.php?rest_route=\/wp\/v2\/pages"}],"about":[{"href":"http:\/\/www.voyagesutilesencampingcar.fr\/index.php?rest_route=\/wp\/v2\/types\/page"}],"author":[{"embeddable":true,"href":"http:\/\/www.voyagesutilesencampingcar.fr\/index.php?rest_route=\/wp\/v2\/users\/1"}],"replies":[{"embeddable":true,"href":"http:\/\/www.voyagesutilesencampingcar.fr\/index.php?rest_route=%2Fwp%2Fv2%2Fcomments&post=935"}],"version-history":[{"count":3,"href":"http:\/\/www.voyagesutilesencampingcar.fr\/index.php?rest_route=\/wp\/v2\/pages\/935\/revisions"}],"predecessor-version":[{"id":1775,"href":"http:\/\/www.voyagesutilesencampingcar.fr\/index.php?rest_route=\/wp\/v2\/pages\/935\/revisions\/1775"}],"up":[{"embeddable":true,"href":"http:\/\/www.voyagesutilesencampingcar.fr\/index.php?rest_route=\/wp\/v2\/pages\/537"}],"wp:attachment":[{"href":"http:\/\/www.voyagesutilesencampingcar.fr\/index.php?rest_route=%2Fwp%2Fv2%2Fmedia&parent=935"}],"curies":[{"name":"wp","href":"https:\/\/api.w.org\/{rel}","templated":true}]}}