{"id":931,"date":"2018-11-25T15:20:36","date_gmt":"2018-11-25T14:20:36","guid":{"rendered":"http:\/\/www.voyagesutilesencampingcar.fr\/?page_id=931"},"modified":"2023-03-27T19:37:17","modified_gmt":"2023-03-27T18:37:17","slug":"escapades-2018","status":"publish","type":"page","link":"http:\/\/www.voyagesutilesencampingcar.fr\/?page_id=931","title":{"rendered":"Escapades 2018"},"content":{"rendered":"<h4><span style=\"color: #008000;\"><strong>\u2248&gt; 2018<\/strong><\/span><\/h4>\n<ul>\n<li><strong><u>Escapade en Beaujolais<\/u><\/strong><\/li>\n<\/ul>\n<p><img loading=\"lazy\" decoding=\"async\" class=\" wp-image-1024 alignleft\" src=\"http:\/\/www.voyagesutilesencampingcar.fr\/wp-content\/uploads\/2018\/12\/Beaujolais-300x200.jpg\" alt=\"\" width=\"197\" height=\"131\" srcset=\"http:\/\/www.voyagesutilesencampingcar.fr\/wp-content\/uploads\/2018\/12\/Beaujolais.jpg 300w, http:\/\/www.voyagesutilesencampingcar.fr\/wp-content\/uploads\/2018\/12\/Beaujolais-83x55.jpg 83w, http:\/\/www.voyagesutilesencampingcar.fr\/wp-content\/uploads\/2018\/12\/Beaujolais-120x80.jpg 120w\" sizes=\"auto, (max-width: 197px) 100vw, 197px\" \/>Marilou et Jean-Claude accueillent 11 \u00e9quipages Vucc \u00e0 Beaujeu (capitale historique du Beaujolais) le 14 novembre pour les festivit\u00e9s autour du Beaujolais nouveau : \u00ab\u00a0les Sarmentelles\u00a0\u00bb.<\/p>\n<p>Remise \u00ab\u00a0officielle\u00a0\u00bb d&rsquo;un taste-vin \u00e0 chacun et les festivit\u00e9s commencent \u00e0 Beaujeu avec l&rsquo;intronisation de quelques personnalit\u00e9s dans la confr\u00e9rie du Beaujolais avec cette ann\u00e9e, en invit\u00e9 vedette, Philippe Candeloro puis c&rsquo;est la promenade-d\u00e9gustation des diff\u00e9rents crus, le d\u00e9fil\u00e9 aux flambeaux, la mise en perce \u00e0 minuit (tradition oblige) et le feu d&rsquo;artifice&#8230;<\/p>\n<p>Ensuite l&rsquo;escapade nous emm\u00e8ne, en quelques jours, \u00e0 Clochemerle (Vaux-en-Beaujolais), \u00e0 Belleville puis une visite guid\u00e9e de Villefranche sur Sa\u00f4ne (tr\u00e9sors cach\u00e9s) tr\u00e8s appr\u00e9ci\u00e9e, un superbe spectacle pyrotechnique cl\u00f4ture la journ\u00e9e de samedi.<\/p>\n<p>L&rsquo; accueil est tr\u00e8s chaleureux chez tous les vignerons visit\u00e9s o\u00f9 nous profitons de multiples d\u00e9gustations accompagn\u00e9es de g\u00e9n\u00e9reux \u00ab\u00a0m\u00e2chons\u00a0\u00bb et m\u00eame d&rsquo;une soir\u00e9e dansante (!) avec repas Sarthois.<\/p>\n<p>D\u00e9couverte de la gastronomie locale : le \u00ab\u00a0saucisson aux g\u00e8nes\u00a0\u00bb, cuit au vin. C&rsquo;est une d\u00e9licieuse sp\u00e9cialit\u00e9 d\u00e9gust\u00e9e chez Marilou et Jean-Claude. Cela a \u00e9t\u00e9 un repas tr\u00e8s convivial, merci \u00e0 eux !<\/p>\n<p>Il ne faut pas oublier le chocolat \u00ab\u00a0bouchon beaujolais\u00a0\u00bb, fabriqu\u00e9 sous nos yeux et d\u00e9gust\u00e9 avec d&rsquo;autres succulentes gourmandises, sans oublier non plus le hameau du vin, chez Georges Duboeuf, &nbsp;\u00e0&nbsp; Roman\u00eache-Thorins ni les andouillettes \u00ab\u00a0tir\u00e9es \u00e0 la ficelle\u00a0\u00bb de chez Bobosse&nbsp;et qui nous font encore saliver !<\/p>\n<p>Ravis de cette escapade avec un programme riche et vari\u00e9 : paysages, patrimoine, terroir et traditions li\u00e9es au Beaujolais nouveau.<\/p>\n<p>Tr\u00e8s bonne ambiance dans le groupe. Un grand merci \u00e0 Marilou et Jean-CLaude pour leur accueil, leur investissement et leur attention permanente au groupe.<\/p>\n<p>Marie-Th\u00e9 et Paul<\/p>\n<p>&nbsp;<\/p>\n<ul>\n<li><strong><u>Escapade en Baie de Somme<\/u><\/strong><\/li>\n<\/ul>\n<p>DIMANCHE 17 juin 2018 en fin d&rsquo;apr\u00e8s midi, regroupement de 7 campings cars sur le parking de G\u00e9ant Casino \u00e0 Amiens; J Louis et Mich\u00e8le nous retrouveront le lendemain matin sur le lieu de la premi\u00e8re balade.<br \/>\nNous dormons sur un petit port.<br \/>\nLUNDI 18 :<br \/>\nPar un temps maussade, petit crachin; nous d\u00e9butons le matin cette escapade par une balade en barque dans les hortillonnages (marais) situ\u00e9 dans la ville d&rsquo;Amiens. Se succ\u00e8dent jardins d&rsquo;agr\u00e9ments tr\u00e8s fleuris et potagers, le tout dans un \u00e9crin de verdure et dans un calme \u00e9tonnant compte tenu de la situation g\u00e9ographique du lieu, c&rsquo;est reposant!<br \/>\nNous poursuivons la visite d&rsquo;Amiens en d\u00e9ambulant dans le quartier Saint Leu et entrons dans la magnifique cath\u00e9drale de style gothique classique, monument class\u00e9 au patrimoine mondial de l&rsquo;UNESCO.<br \/>\nEn d\u00e9but d&rsquo;apr\u00e8s midi nous nous dirigeons vers Abbeville en traversant la for\u00eat de CRECY et posons nos v\u00e9hicules pour 2 nuits sur le parking devant la conserverie de Saint Christophe. L&rsquo;accueil est des plus sympathique, le jeune chef d&rsquo;entreprise nous offre, pour l&rsquo;ap\u00e9ritif qu&rsquo;il partage avec nous, 2 de leurs sp\u00e9cialit\u00e9s picardes (terrine de truite fum\u00e9e et p\u00e2t\u00e9 au maroilles), fort go\u00fbteuses&#8230;.<br \/>\nMARDI 19 :<br \/>\nMalheureusement JLouis et Mich\u00e8le ont du quitter le groupe, nous ne restons plus que 7 CC.<br \/>\nLe temps s&rsquo;am\u00e9liore au cours de la journ\u00e9e, le matin visite guid\u00e9e de la conserverie avec d\u00e9gustation et achat; nous avions appr\u00e9ci\u00e9 les conserves donn\u00e9es par le jeune patron qui r\u00e9cidive. Il nous propose une conserve au boudin noir qui fera le plaisir des papilles durant l&rsquo;ap\u00e9ro suivant.<br \/>\nLeur gamme de produits est large : poisson, salicorne, gibier,volaille, viande et de qualit\u00e9, avis aux amateurs, commandes possible.<br \/>\nL&rsquo;apr\u00e8s-midi est consacr\u00e9e \u00e0 la visite de l&rsquo;abbaye de Valloire et ses jardins remarquables sous un timide soleil qui est le bienvenu &#8230;<br \/>\nMERCREDI 20 :<br \/>\nNous quittons le bivouac o\u00f9 l&rsquo;accueil a \u00e9t\u00e9 chaleureux, nous traversons 2 petites stations baln\u00e9aires Fort Mahon et Quend et nous nous arr\u00eatons au Parc du Marquenterre. Un guide nous attend dans cette r\u00e9serve ornithologique, la visite se r\u00e9v\u00e8le fort instructive sur la faune du pays.Le temps est id\u00e9al pour un tel exercice, En fin de journ\u00e9e nous rejoignons le parking de la pointe du Hourdel o\u00f9 \u00ab\u00a0nous devons jouer des coudes pour nous garer\u00a0\u00bb, l&rsquo;espace est restreint&#8230;.<br \/>\nJEUDI 21 :<br \/>\nBalade le long de la c\u00f4te d&rsquo;Opale,avec un soleil g\u00e9n\u00e9reux, de Cayeux et sa plage de galets, en passant par Ault et ses falaises, Mers et ses belles maisons de l&rsquo;Epoque des ann\u00e9es folles et enfin le Tr\u00e9port et son port de p\u00eache.<br \/>\nD\u00e9ambulation p\u00e9destre \u00e0 Ault, Mers et au Tr\u00e9port, acc\u00e8s au sentier de la falaise au Tr\u00e9port par le funiculaire.<br \/>\nPuis visite d&rsquo;un site \u00e9tonnant, le KARHL BURG (syst\u00e8me d&rsquo;observation et de d\u00e9fense allemand creus\u00e9 dans la falaise et am\u00e9nag\u00e9 en 2 ans ) qu&rsquo;un groupe de b\u00e9n\u00e9voles passionn\u00e9s a r\u00e9habilit\u00e9 et fait conna\u00eetre.<br \/>\nBivouac sur le parking du mus\u00e9e de la verrerie \u00e0 Blangy sur Bresle et repas sympathique o\u00f9 nous\u00a0\u00bb faisons connaissance\u00a0\u00bb avec le Potchevleesh, sp\u00e9cialit\u00e9 picarde, plat agr\u00e9able.<br \/>\nVENDREDI 22 :<br \/>\nMatin, visite du mus\u00e9e avec la d\u00e9monstration par le ma\u00eetre verrier Herv\u00e9 qui r\u00e9alise devant nous un tr\u00e8s beau vase, on assiste \u00e0 toutes les \u00e9tapes de la r\u00e9alisation de ce bel objet, moment tr\u00e8s int\u00e9ressant.<br \/>\nApr\u00e8s-midi promenade et visite document\u00e9e par Jackie et V\u00e9ronique de Saint Val\u00e9ry sur Somme, petite station Picarde tranquille.<br \/>\nSAMEDI 23 :<br \/>\nRandonn\u00e9e p\u00e9destre,pour les plus courageux et mobiles, dans la Baie en compagnie de 2 charmantes guides. Promenade enrichissante qui s&rsquo;est d\u00e9roul\u00e9e dans la bonne humeur; notre h\u00f4tesse V\u00e9ro a d&rsquo;ailleurs immortalis\u00e9e quelques moments o\u00f9 l&rsquo;hilarit\u00e9 \u00e9tait partag\u00e9e.<br \/>\nCette belle balade s&rsquo;est conclu autour d&rsquo;un repas au restaurant o\u00f9 chacun a pu donner ses impressions sur cette belle semaine.<br \/>\nDIMANCHE matin :<br \/>\nQuelques uns sont all\u00e9 au march\u00e9 \u00e0 v\u00e9lo.<\/p>\n<p>Je crois pouvoir, au nom des participants, redire \u00e0 Jackie et V\u00e9ronique notre satisfaction d&rsquo;avoir pu participer \u00e0 cette Escapade qui nous a permis de d\u00e9couvrir un joli coin de France, de les remercier pour la qualit\u00e9 de leur accueil, leur disponibilit\u00e9, patience et gentillesse durant ce p\u00e9riple vari\u00e9 et riche en curiosit\u00e9s.<\/p>\n<p>&nbsp;<\/p>\n<ul>\n<li><strong><u>Escapade dans le Tarn, Pays de Cocagne<br \/>\n<\/u><\/strong><\/li>\n<\/ul>\n<p>Propos\u00e9e par Maryse et Louis Onteniente et Marinette et Jean-Louis Vergnes<\/p>\n","protected":false},"excerpt":{"rendered":"<p>\u2248&gt; 2018 Escapade en Beaujolais Marilou et Jean-Claude accueillent 11 \u00e9quipages Vucc \u00e0 Beaujeu (capitale historique du Beaujolais) le 14 novembre pour les festivit\u00e9s autour du Beaujolais nouveau : \u00ab\u00a0les Sarmentelles\u00a0\u00bb. Remise \u00ab\u00a0officielle\u00a0\u00bb d&rsquo;un taste-vin \u00e0 chacun et les festivit\u00e9s commencent \u00e0 Beaujeu avec l&rsquo;intronisation de quelques personnalit\u00e9s dans la confr\u00e9rie du Beaujolais avec cette &hellip; <a href=\"http:\/\/www.voyagesutilesencampingcar.fr\/?page_id=931\">Continue reading <span class=\"meta-nav\">&rarr;<\/span><\/a><\/p>\n","protected":false},"author":1,"featured_media":0,"parent":537,"menu_order":0,"comment_status":"closed","ping_status":"closed","template":"template-sidebar-right.php","meta":{"footnotes":""},"class_list":["post-931","page","type-page","status-publish","hentry"],"_links":{"self":[{"href":"http:\/\/www.voyagesutilesencampingcar.fr\/index.php?rest_route=\/wp\/v2\/pages\/931","targetHints":{"allow":["GET"]}}],"collection":[{"href":"http:\/\/www.voyagesutilesencampingcar.fr\/index.php?rest_route=\/wp\/v2\/pages"}],"about":[{"href":"http:\/\/www.voyagesutilesencampingcar.fr\/index.php?rest_route=\/wp\/v2\/types\/page"}],"author":[{"embeddable":true,"href":"http:\/\/www.voyagesutilesencampingcar.fr\/index.php?rest_route=\/wp\/v2\/users\/1"}],"replies":[{"embeddable":true,"href":"http:\/\/www.voyagesutilesencampingcar.fr\/index.php?rest_route=%2Fwp%2Fv2%2Fcomments&post=931"}],"version-history":[{"count":6,"href":"http:\/\/www.voyagesutilesencampingcar.fr\/index.php?rest_route=\/wp\/v2\/pages\/931\/revisions"}],"predecessor-version":[{"id":1777,"href":"http:\/\/www.voyagesutilesencampingcar.fr\/index.php?rest_route=\/wp\/v2\/pages\/931\/revisions\/1777"}],"up":[{"embeddable":true,"href":"http:\/\/www.voyagesutilesencampingcar.fr\/index.php?rest_route=\/wp\/v2\/pages\/537"}],"wp:attachment":[{"href":"http:\/\/www.voyagesutilesencampingcar.fr\/index.php?rest_route=%2Fwp%2Fv2%2Fmedia&parent=931"}],"curies":[{"name":"wp","href":"https:\/\/api.w.org\/{rel}","templated":true}]}}