{"id":894,"date":"2018-11-24T17:56:09","date_gmt":"2018-11-24T16:56:09","guid":{"rendered":"http:\/\/www.voyagesutilesencampingcar.fr\/?page_id=894"},"modified":"2025-10-11T12:52:48","modified_gmt":"2025-10-11T11:52:48","slug":"souvenirs-2015","status":"publish","type":"page","link":"http:\/\/www.voyagesutilesencampingcar.fr\/?page_id=894","title":{"rendered":"Souvenirs 2015"},"content":{"rendered":"<p><strong>\u2248&gt; 2015<\/strong><\/p>\n<ul>\n<li>\n<h5><strong>le Danube, Istanbul, Croatie<\/strong><\/h5>\n<\/li>\n<\/ul>\n<p>&#8211; <strong>Le mot des nouveaux \u00e9quipages<\/strong><\/p>\n<p><img loading=\"lazy\" decoding=\"async\" class=\"alignleft\" src=\"http:\/\/www.voyagesutilesencampingcar.fr\/wp-content\/uploads\/2013\/02\/Danube_2.JPG\" alt=\"Danube\" width=\"141\" height=\"106\" \/><\/p>\n<p>Pour \u00e9viter des redites sur les pays travers\u00e9s et le geste de solidarit\u00e9, nous avons pris le parti d\u2019exprimer le ressenti collectif des 3 \u00ab\u00a0jeunes VUCCistes du groupe laissant \u00e0 Georges, notre accompagnateur, la narration de notre voyage.<\/p>\n<p>Ce voyage a \u00e9t\u00e9 initiatique \u00e0 plusieurs titres\u00a0:<\/p>\n<ul>\n<li>D\u00e9couverte des pays des Balkans pour lesquels nous avons appr\u00e9ci\u00e9 la vari\u00e9t\u00e9 et la beaut\u00e9 des paysages et visites,<\/li>\n<li>D\u00e9couverte du voyage \u00e0 la mode VUCC et de la vie en groupe pendant 50 jours.<\/li>\n<li>Curiosit\u00e9 et opportunit\u00e9 d\u2019appr\u00e9hender l\u2019organisation d\u2019un voyage VUCC<\/li>\n<\/ul>\n<p>Nos attentes face \u00e0 ce voyage \u00e9taient fortes (peut \u00eatre trop) et nous avons eu, parfois, un sentiment de frustration de ne pouvoir approfondir la visite de certains lieux travers\u00e9s ou de n\u2019avoir pu \u00e9changer avec les autochtones.<\/p>\n<p>Il est vrai que le programme \u00e9tait ambitieux et ne permettait pas de trop s\u2019attarder \u2026<\/p>\n<p>Nous avons appr\u00e9ci\u00e9 les rencontres avec les personnes appartenant aux associations et \u00e9coles roumaines\u00a0; de belles personnalit\u00e9s aux grandes valeurs humaines.<\/p>\n<p>En tant que \u00ab\u00a0jeunes\u00a0\u00bb voyageurs VUCC, nous nous \u00e9tions mis un frein \u00e0 proposer des variantes au carnet de route de notre accompagnateur dans le souci de ne pas interf\u00e9rer dans sa pr\u00e9paration.<\/p>\n<p>Apr\u00e8s l\u2019avoir exprim\u00e9 en groupe, nous avons bien compris que chaque projet de voyage est aussi fait de l\u2019addition des attentes et propositions de chacun des \u00e9quipages qui compose un voyage.<\/p>\n<p>Le groupe a v\u00e9cu activement et avec passion cette aventure et a \u00e9t\u00e9 force de proposition selon les comp\u00e9tences et affinit\u00e9s des uns et des autres.<\/p>\n<p>Un \u00e9quipage a pris en charge spontan\u00e9ment le blog retra\u00e7ant avec justesse et humour le d\u00e9roulement de nos journ\u00e9es permettant ainsi de maintenir le lien avec nos familles et amis.<\/p>\n<p>Un grand merci \u00e0 eux pour leur implication.<\/p>\n<p>Dans l\u2019id\u00e9e d\u2019un engagement futur dans l\u2019organisation d\u2019un voyage, il ressort de notre groupe la volont\u00e9 de rendre la pr\u00e9paration plus collaborative et participative.<\/p>\n<p>Pour plusieurs, il est vrai que le projet de devenir accompagnateur va m\u00fbrir\u2026\u2026<\/p>\n<p>Fabienne et Jacques\u00a0\u00a0\u00a0\u00a0\u00a0\u00a0\u00a0\u00a0\u00a0\u00a0\u00a0\u00a0\u00a0\u00a0\u00a0\u00a0\u00a0\u00a0\u00a0\u00a0\u00a0\u00a0\u00a0\u00a0\u00a0\u00a0 Jeannine et Alain \u00a0\u00a0\u00a0\u00a0\u00a0\u00a0\u00a0\u00a0\u00a0\u00a0\u00a0\u00a0\u00a0\u00a0\u00a0\u00a0\u00a0\u00a0 V\u00e9ronique et Jacky<\/p>\n<p>&#8211; <strong>Le mot de l&rsquo;organisateur : Georges<\/strong><br \/>\n<img loading=\"lazy\" decoding=\"async\" class=\"alignleft\" src=\"http:\/\/www.voyagesutilesencampingcar.fr\/wp-content\/uploads\/2013\/02\/Danube_1.jpg\" alt=\"Danube\" width=\"145\" height=\"109\" \/><\/p>\n<p>La pr\u00e9paration d\u2019un voyage \u00e0 travers 10 pays prend du temps et de l\u2019\u00e9nergie, mais lorsque ce voyage se termine \u00e0 la satisfaction des\u00a0\u00bb voyageurs utiles\u00a0\u00bb qui l\u2019ont v\u00e9cu, c\u2019est le but qui est atteint.<\/p>\n<p>Une m\u00e9t\u00e9o assez favorable nous a accompagn\u00e9e sur la majorit\u00e9 de ce circuit. Compos\u00e9 de 7 \u00e9quipages, dont 3 nouveaux ce qui est exceptionnel \u00e0 VUCC , le groupe a trouv\u00e9 rapidement sa vitesse de croisi\u00e8re en fl\u00e2nant le long du Danube pour les premiers jours.<\/p>\n<p>Le programme proposait des sites int\u00e9ressants et les visites de grandes cit\u00e9s comme Vienne, Budapest, Istanbul\u2026. Bien s\u00fbr pas assez approfondit pour certains et bien suffisant pour d\u2019autres.<\/p>\n<p>Une diversification pour ce p\u00e9riple dans les pays de l\u2019est europ\u00e9en et de la mer adriatique.<\/p>\n<p>Avec notre geste de solidarit\u00e9 nous avons eu des contacts chaleureux au cours de notre travers\u00e9e Roumaine o\u00f9 nous avons d\u00e9pos\u00e9 le mat\u00e9riel, des v\u00eatements essentiellement, pr\u00e9par\u00e9 par l\u2019association \u00a0\u00bbSolidarit\u00e9 Sibis Roumanie\u00a0\u00bb de Veauche 42, des soir\u00e9es riches en \u00e9changes et un accueil sinc\u00e8re.<\/p>\n<p>&nbsp;<\/p>\n<p>En longeant les c\u00f4tes de la Mer noire ou du Bosphore, nous avons appr\u00e9ci\u00e9 ces paysages proches de l\u2019Orient, une d\u00e9couverte pour quelque uns des participants et toujours du plaisir pour les autres.<\/p>\n<p>Le retour \u00e9tait pr\u00e9vu par l\u2019Albanie, le Mont\u00e9n\u00e9gro et la Croatie, des populations hospitali\u00e8res et ces sites extraordinaires comme la rivi\u00e9ra de Sarande ou<\/p>\n<p>les lacs de Plivitce, malgr\u00e9 un temps maussade ce jour l\u00e0.<\/p>\n<p>Chacun \u00e9tait disponible pour rechercher le meilleur bivouac, le camping le plus accueillant ou le resto sympa et les traditionnels ap\u00e9ros du soir, \u00e7a nous manque d\u00e9j\u00e0, \u00e9taient toujours des moments pleins d\u2019ambiance. Pas d\u2019incidents graves dans ce voyage au niveau mat\u00e9riel, \u00e0 part la cr\u00e9maill\u00e8re de Guy r\u00e9par\u00e9e en Croatie, ni au niveau sant\u00e9 et les Kms ont \u00e9t\u00e9 aval\u00e9s tranquillement en en prenant pleins les yeux, et c\u2019\u00e9tait bien le but du voyage.<\/p>\n<p>Et aussi le blog de Jacqueline et Andr\u00e9 AULNETTE : <a href=\"http:\/\/jacqandvoyage.canalblog.com\" target=\"_blank\" rel=\"noopener\">jacqandvoyage.canalblog.com<\/a><\/p>\n<ul>\n<li>\n<h5><strong>G\u00e9orgie &#8211; Arm\u00e9nie<\/strong><\/h5>\n<\/li>\n<\/ul>\n<p>&#8211; <strong>Le mot d\u2019un \u00e9quipage<\/strong><\/p>\n<p><img loading=\"lazy\" decoding=\"async\" class=\"alignleft\" src=\"http:\/\/www.voyagesutilesencampingcar.fr\/wp-content\/uploads\/2013\/02\/A_5.jpg\" alt=\"Arm\u00e9nie\" width=\"141\" height=\"106\" \/>Du 1er Septembre au 23 Octobre, G\u00e9rard Merle a conduit le voyage vers la G\u00e9orgie et l\u2019Arm\u00e9nie pr\u00e9par\u00e9 par Jean Claude Gl\u00e9nard emp\u00each\u00e9 en derni\u00e8re minute.<\/p>\n<p>Ce voyage a \u00e9t\u00e9 la d\u00e9couverte de paysages grandioses dans des montagnes magnifiques\u00a0; les symphonies de pierres des vall\u00e9es de Garni , les gorges de Borjomi , les lacs de Sevan ou de Kari Lich, les monts Aragats\u2026<\/p>\n<p>Ce voyage a \u00e9t\u00e9 la visite de tr\u00e8s beaux sites comme les habitations troglodytiques de Varzia ou d\u2019Uplistsikhe , les chutes de Chaki , le site m\u00e9galithique de Zorat Kaver , le caravans\u00e9rail de Selim , le cimeti\u00e8re de Noradoz , le temple de Garni ,les cath\u00e9drales d\u2019Etchmiadzine ou de Bagrati , les ruines de Zvartnots , la maison d\u2019Ilia Tchactchavadze auteur G\u00e9orgien , le m\u00e9morial de Mashtots cr\u00e9ateur de l\u2019alphabet arm\u00e9nien , ainsi que les monuments de deux capitales Tbilissi et Erevan, le jardin botanique de Batumi \u2026<\/p>\n<p><img loading=\"lazy\" decoding=\"async\" class=\"alignleft\" src=\"http:\/\/www.voyagesutilesencampingcar.fr\/wp-content\/uploads\/2013\/02\/A_6.jpg\" alt=\"Arm\u00e9nie\" width=\"141\" height=\"106\" \/><\/p>\n<p>Ce voyage nous a montr\u00e9 les innombrables forteresses et monast\u00e8res aussi beaux qu\u2019inaccessibles que ceux de Sapara, Karmravank, Gerhard, Noravank , Tatev , Khor Virap , Amberd , Guelati ,Sanahin,Sumela\u2026<\/p>\n<p>Ce voyage a \u00e9t\u00e9 aussi la d\u00e9couverte du\u00a0brandy et vins Arm\u00e9niens ,du chacha et des vins G\u00e9orgiens ainsi que les cuisines locales\u00a0: lavache, dolma, baklava, khachapouri et autres kinkalis\u2026<\/p>\n<p><img loading=\"lazy\" decoding=\"async\" class=\"alignright\" src=\"http:\/\/www.voyagesutilesencampingcar.fr\/wp-content\/uploads\/2013\/02\/A_4.jpg\" alt=\"Arm\u00e9nie\" width=\"141\" height=\"106\" \/><\/p>\n<p>Mais ce voyage a \u00e9t\u00e9 avant tout le contact avec ses habitants toujours g\u00e9n\u00e9reux, avec Mzia \u00e0 Tbilissi, avec le prince Murat \u00e0 Zugdidi\u00a0et surtout avec les personnes rencontr\u00e9s dans le cadre de nos actions humanitaires\u00a0: le p\u00e8re Mario et S\u0153ur No\u00eblle \u00e0 Ashotsk, Carmen \u00e0 Goris, Anahit \u00e0 Kuchak.<\/p>\n<p>Toutes ces personnes, par leur accueil, nous ont fait comprendre et aimer leur pays et nous ont donn\u00e9 envie de continuer \u00e0 voyager avec VUCC.<\/p>\n<p>Pour le groupe\u00a0: Maryl\u00e8ne et Jean Claude DURET<\/p>\n<p>&#8211; <strong>Le mot de l&rsquo;accompagnateur : G\u00e9rard<br \/>\n<\/strong><\/p>\n<p><img loading=\"lazy\" decoding=\"async\" class=\"alignleft\" src=\"http:\/\/www.voyagesutilesencampingcar.fr\/wp-content\/uploads\/2013\/02\/A_3.jpg\" alt=\"Arm\u00e9nie\" width=\"141\" height=\"106\" \/><\/p>\n<p>Ce voyage vers la G\u00e9orgie et l&rsquo;Arm\u00e9nie avait \u00e9t\u00e9 propos\u00e9 et \u00e9labor\u00e9 par Marilou et Jean-Claude Gl\u00e9nard, mais, pour des raisons de sant\u00e9 imp\u00e9rieuses, Jean-Claude m&rsquo;a propos\u00e9 de le remplacer pour en \u00eatre l&rsquo;accompagnateur.<\/p>\n<p>Tout le travail avait \u00e9t\u00e9 minutieusement pr\u00e9par\u00e9, ma t\u00e2che n&rsquo;\u00e9tait pas tr\u00e8s compliqu\u00e9e.<\/p>\n<p>Apr\u00e8s une longue route d&rsquo;approche ponctu\u00e9e par une visite d&rsquo;Istanbul et de quelques sites remarquables en Turquie, la visite de la G\u00e9orgie et de l&rsquo;Arm\u00e9nie nous a permis de voir et de visiter de superbes sites et autres monast\u00e8res. M\u00eame si l&rsquo;\u00e9tat des routes, pour ne pas dire des pistes, nous a contraint d&rsquo;en abandonner quelques uns. Maryl\u00e8ne et Jean-Claude nous en ont fait un compte-rendu remarquable je n&rsquo;ai pas besoin d&rsquo;en rajouter.<\/p>\n<p>La partie \u00ab\u00a0utile\u00a0\u00bb, concentr\u00e9e sur l&rsquo;Arm\u00e9nie, a \u00e9t\u00e9 l&rsquo;occasion de rencontres fabuleuses. S\u0153ur No\u00eblle, Carmen ou Anahit nous ont fait vivre des moments de convivialit\u00e9 et m\u00eame d&rsquo;humanit\u00e9 tr\u00e8s enrichissants.<\/p>\n<p><img loading=\"lazy\" decoding=\"async\" class=\"alignright\" src=\"http:\/\/www.voyagesutilesencampingcar.fr\/wp-content\/uploads\/2013\/02\/A_1.jpg\" alt=\"Arm\u00e9nie\" width=\"141\" height=\"106\" \/><\/p>\n<p>Nos d\u00e9boires \u00e0 la fronti\u00e8re Arm\u00e9nienne ont malheureusement un peu perturb\u00e9 notre s\u00e9jour \u00e0 Er\u00e9van malgr\u00e9 la grande sympathie de notre guide Rachik.<\/p>\n<p>Nos rencontres en G\u00e9orgie ont aussi \u00e9t\u00e9 l&rsquo;occasion de partager des moments forts aussi bien avec Mzia \u00e0 Tbilissi qu&rsquo;avec le Prince Murat \u00e0 Zugdidi.<\/p>\n<p>J&rsquo;ai eu beaucoup de plaisir \u00e0 \u00ab\u00a0jouer\u00a0\u00bb l&rsquo;accompagnateur. Le groupe a travers\u00e9 des moments forts de convivialit\u00e9 et d&rsquo;amiti\u00e9. Bien s\u00fbr un voyage de 53 jours ne peut se passer sans quelques p\u00e9rip\u00e9ties\u00a0 moins agr\u00e9ables mais les pannes de gaz ou de CB, les accrochages b\u00e9nins, les chutes pas toujours maitris\u00e9es ou les baisses de forme ont toujours \u00e9t\u00e9 l&rsquo;occasion de constater que le groupe \u00e9tait solidaire et les amiti\u00e9s fortes.<\/p>\n<p>Merci \u00e0 tous.<\/p>\n<p>__________________________________________________________________________________________________________________<\/p>\n<h4 class=\"wp-block-heading\"><span style=\"color: #008000;\"><strong>\u2248&gt; <\/strong><\/span><a href=\"http:\/\/www.voyagesutilesencampingcar.fr\/?page_id=2097\">Souvenirs 2024<\/a><strong>\u00a0\u00a0 <\/strong><span style=\"color: #008000;\"><strong> \u2248&gt; <\/strong><\/span><a href=\"http:\/\/www.voyagesutilesencampingcar.fr\/?page_id=1972\">Souvenirs 2023<\/a><strong>\u00a0\u00a0 <\/strong><span style=\"color: #008000;\"><strong>\u2248&gt; <\/strong><\/span><a href=\"http:\/\/www.voyagesutilesencampingcar.fr\/?page_id=1807\">Souvenirs 2019<\/a><strong>\u00a0\u00a0 <\/strong><span style=\"color: #008000;\"><strong>\u2248&gt; <\/strong><\/span><a href=\"http:\/\/www.voyagesutilesencampingcar.fr\/?page_id=1155\">Souvenirs 2018<\/a><\/h4>\n<h4 class=\"wp-block-heading\"><span style=\"color: #008000;\"><strong>\u00a0\u00a0\u00a0\u00a0\u00a0\u00a0\u2248&gt; <\/strong><\/span><a href=\"http:\/\/www.voyagesutilesencampingcar.fr\/?page_id=886\">Souvenirs 2017 \u00a0<\/a><span style=\"color: #008000;\"><strong>\u2248&gt; <\/strong><\/span><a href=\"http:\/\/www.voyagesutilesencampingcar.fr\/?page_id=892\">Souvenirs 2016<\/a><strong>\u00a0\u00a0 <\/strong><span style=\"color: #008000;\"><strong>\u2248&gt; <\/strong><\/span><a href=\"http:\/\/www.voyagesutilesencampingcar.fr\/?page_id=894\">Souvenirs 2015<\/a><strong>\u00a0\u00a0 <\/strong><span style=\"color: #008000;\"><strong>\u2248&gt; <\/strong><\/span><a href=\"http:\/\/www.voyagesutilesencampingcar.fr\/?page_id=896\">Souvenirs 2014<\/a><strong>\u00a0\u00a0 <\/strong><\/h4>\n<h4 class=\"wp-block-heading\"><span style=\"color: #008000;\"><strong>\u00a0\u00a0\u00a0\u00a0\u00a0\u00a0\u00a0\u00a0\u00a0\u2248&gt; <\/strong><\/span><a href=\"http:\/\/www.voyagesutilesencampingcar.fr\/?page_id=905\">Souvenirs 2013<\/a><strong>\u00a0\u00a0 <\/strong> <span style=\"color: #008000;\"><strong> \u2248&gt; <\/strong><\/span><a href=\"http:\/\/www.voyagesutilesencampingcar.fr\/?page_id=9108\">Souvenirs 2012<\/a><strong>\u00a0\u00a0 <\/strong><span style=\"color: #008000;\"><strong> \u2248&gt; <\/strong><\/span><a href=\"http:\/\/www.voyagesutilesencampingcar.fr\/?page_id=910\">Souvenirs 2011<\/a><strong>\u00a0\u00a0 <\/strong><span style=\"color: #008000;\"><strong> \u2248&gt; <\/strong><\/span><a href=\"http:\/\/www.voyagesutilesencampingcar.fr\/?page_id=912\">Souvenirs 2010<\/a><\/h4>\n<h4 class=\"wp-block-heading\"><span style=\"color: #008000;\"><strong>\u00a0\u00a0\u00a0\u00a0\u00a0\u00a0\u00a0\u00a0\u00a0\u00a0\u00a0\u00a0\u2248&gt; <\/strong><\/span><a href=\"http:\/\/www.voyagesutilesencampingcar.fr\/?page_id=914\">Souvenirs 2009<\/a><span style=\"color: #008000;\"><strong>\u00a0\u00a0\u00a0\u00a0\u00a0\u00a0\u2248&gt; <\/strong><\/span><a href=\"http:\/\/www.voyagesutilesencampingcar.fr\/?page_id=916\">Souvenirs 2008<\/a><\/h4>\n","protected":false},"excerpt":{"rendered":"<p>\u2248&gt; 2015 le Danube, Istanbul, Croatie &#8211; Le mot des nouveaux \u00e9quipages Pour \u00e9viter des redites sur les pays travers\u00e9s et le geste de solidarit\u00e9, nous avons pris le parti d\u2019exprimer le ressenti collectif des 3 \u00ab\u00a0jeunes VUCCistes du groupe laissant \u00e0 Georges, notre accompagnateur, la narration de notre voyage. Ce voyage a \u00e9t\u00e9 initiatique &hellip; <a href=\"http:\/\/www.voyagesutilesencampingcar.fr\/?page_id=894\">Continue reading <span class=\"meta-nav\">&rarr;<\/span><\/a><\/p>\n","protected":false},"author":1,"featured_media":0,"parent":119,"menu_order":0,"comment_status":"closed","ping_status":"closed","template":"template-sidebar-right.php","meta":{"footnotes":""},"class_list":["post-894","page","type-page","status-publish","hentry"],"_links":{"self":[{"href":"http:\/\/www.voyagesutilesencampingcar.fr\/index.php?rest_route=\/wp\/v2\/pages\/894","targetHints":{"allow":["GET"]}}],"collection":[{"href":"http:\/\/www.voyagesutilesencampingcar.fr\/index.php?rest_route=\/wp\/v2\/pages"}],"about":[{"href":"http:\/\/www.voyagesutilesencampingcar.fr\/index.php?rest_route=\/wp\/v2\/types\/page"}],"author":[{"embeddable":true,"href":"http:\/\/www.voyagesutilesencampingcar.fr\/index.php?rest_route=\/wp\/v2\/users\/1"}],"replies":[{"embeddable":true,"href":"http:\/\/www.voyagesutilesencampingcar.fr\/index.php?rest_route=%2Fwp%2Fv2%2Fcomments&post=894"}],"version-history":[{"count":3,"href":"http:\/\/www.voyagesutilesencampingcar.fr\/index.php?rest_route=\/wp\/v2\/pages\/894\/revisions"}],"predecessor-version":[{"id":2136,"href":"http:\/\/www.voyagesutilesencampingcar.fr\/index.php?rest_route=\/wp\/v2\/pages\/894\/revisions\/2136"}],"up":[{"embeddable":true,"href":"http:\/\/www.voyagesutilesencampingcar.fr\/index.php?rest_route=\/wp\/v2\/pages\/119"}],"wp:attachment":[{"href":"http:\/\/www.voyagesutilesencampingcar.fr\/index.php?rest_route=%2Fwp%2Fv2%2Fmedia&parent=894"}],"curies":[{"name":"wp","href":"https:\/\/api.w.org\/{rel}","templated":true}]}}