{"id":886,"date":"2018-11-24T17:43:49","date_gmt":"2018-11-24T16:43:49","guid":{"rendered":"http:\/\/www.voyagesutilesencampingcar.fr\/?page_id=886"},"modified":"2025-10-11T12:53:59","modified_gmt":"2025-10-11T11:53:59","slug":"souvenirs-2017","status":"publish","type":"page","link":"http:\/\/www.voyagesutilesencampingcar.fr\/?page_id=886","title":{"rendered":"Souvenirs 2017"},"content":{"rendered":"<p><span style=\"color: #008000;\"><strong>\u2248&gt; 2017<\/strong><\/span><\/p>\n<ul>\n<li>\n<h5><strong><span style=\"text-decoration: underline; color: #339966;\">Portugal<\/span><\/strong><\/h5>\n<\/li>\n<\/ul>\n<p>&#8211; <strong>Le compte-rendu des accompagnateurs<\/strong><br \/>\nLe lieu de rassemblement des 7 \u00e9quipages \u00e9tait COUERON dans la banlieue nantaise sur les bords de Loire puisque le chargement des colis, v\u00eatements et denr\u00e9es alimentaires diverses pr\u00e9par\u00e9s par l\u2019Association \u00ab DES AILES POUR LE Portugal \u00bb se faisait dans le local de l\u2019Association. Il est \u00e0 noter que l\u2019ensemble transport\u00e9 fut cons\u00e9quent.<br \/>\nNotre d\u00e9part vers le Portugal nous a conduit \u00e0 SANTO TIRSO, orphelinat destinataire des colis. 3 unit\u00e9s de jeunes de quelques mois \u00e0 18\/20 ans vivent en ville dans 3 immeubles diff\u00e9rents mais dans la m\u00eame rue. Les r\u00e9partitions ont \u00e9t\u00e9 faites imm\u00e9diatement dans les 3 unit\u00e9s.<br \/>\nUne visite chez les petits et moyens nous a permis de constater que les ventes de tee shirts lors de l\u2019assembl\u00e9e g\u00e9n\u00e9rale avait permis l\u2019acquisition de 3 piscines gonflables, moyen pour eux d\u2019apporter rafraichissement et hydratation \u00e0 tous les jeunes pendant les fortes chaleurs des \u00e9t\u00e9s portugais.<br \/>\nL\u2019objectif de notre voyage au Portugal \u00e9tait, dans un premier temps, de partir vers le Nord et de redescendre par la route de l\u2019Est la plus pr\u00e8s de l\u2019Espagne.<br \/>\nNous exprimions dans notre projet \u00ab l\u00e0 o\u00f9 le tourisme de masse ne p\u00e9n\u00e8tre pas \u00bb. Effectivement, nous n\u2019avons pas \u00e9t\u00e9 d\u00e9\u00e7us par les paysages travers\u00e9s, insolites, les rencontres avec les populations\u2026 La r\u00e9gion du DOURO et sa descente en bateau, la beaut\u00e9 des paysages des vignobles plant\u00e9s en espaliers, les petits villages blancs perch\u00e9s sur des pitons rocheux.<br \/>\nLes r\u00e9action des \u00e9quipages qui \u00e9taient d\u00e9j\u00e0 venus au Portugal ont confirm\u00e9 que ce parcours, Est, avait tout son int\u00e9r\u00eat par la beaut\u00e9 des paysages et ont pu rajouter ces lieux \u00e0 leur connaissances.<br \/>\nPuis notre trajet s\u2019est poursuivi vers la c\u00f4te Sud l\u2019Algarve apr\u00e8s Villa Real de San Antonio puis remont\u00e9e par la c\u00f4te Ouest avec quelques points d\u2019orgue, la baie de S\u00e9tubal avec une ballade en bateau pour apercevoir les dauphins,pique nique en pleine mer su une ile sableuse puis les villes de Lisbonne et Porto.<br \/>\nNous avons continu\u00e9 par le Nord de l\u2019Espagne vers Saint Jacques de Compostelle, haut lieu de p\u00e8lerinage et c\u2019est \u00e0 La Corogne que le groupe s\u2019est s\u00e9par\u00e9.<br \/>\nNous pensons avoir atteint l\u2019objectif pr\u00e9vu, d\u00e9couvrir ensemble diff\u00e9rents aspects du Portugal et permettre la d\u00e9couverte de lieux insolites et inconnus de tous anciens et nouveaux \u00e9quipages.<br \/>\nNous avons pu remarquer l\u2019effort que chacun a pu faire sur l\u2019ensemble du voyage pour entretenir une vie de groupe positive.<br \/>\nSi nous avons eu quelques p\u00e9riodes o\u00f9 les individualismes ont pu ressurgir, comme dans chaque voyage, ils se sont vite estomp\u00e9s et les efforts de tous ont contribu\u00e9 \u00e0 r\u00e9aliser un voyage globalement positif o\u00f9 l\u2019enjeu \u00e9tait de cr\u00e9er un int\u00e9r\u00eat pour TOUS, tant pour les \u00e9quipages connaissant le Portugal que pour les \u00e9quipages qui le d\u00e9couvrait pour la premi\u00e8re fois.<\/p>\n<p>Les accompagnateurs<br \/>\nV\u00e9ronique et Jacky GAUTHIER Jeanine HINARD et Alain LOUSTALOT<\/p>\n<ul>\n<li>\n<h5><strong><span style=\"text-decoration: underline; color: #339966;\">Russie &#8211; Pays Baltes<\/span><\/strong><\/h5>\n<\/li>\n<\/ul>\n<p>&#8211; <strong>Le \u00ab\u00a0ressenti\u00a0\u00bb de G\u00e9rard, l&rsquo;accompagnateur du groupe 1<\/strong><br \/>\nJe retiens de ce voyage la superbe ambiance dans laquelle il s&rsquo;est d\u00e9roul\u00e9. Tous les participants, et je les en remercie chaleureusement, ont apport\u00e9 leur bonne humeur permanente, leur humour \u00e0 fleur de peau, leur \u00e9merveillement jamais rassasi\u00e9 de visiter et de visiter encore des \u00e9glises, des cath\u00e9drales, des monuments plus ou moins historiques et remarquables, des lieux plus ou moins charg\u00e9 d&rsquo;histoire ou d&rsquo;\u00e9motion et bien d&rsquo;autres choses encore &#8230; peut-\u00eatre un peu beaucoup !<br \/>\nJe retiens de ce voyage les \u00e9changes et les rapports humains qui se sont r\u00e9v\u00e9l\u00e9s lors des balades, des visites, des petits p\u00e9pins mat\u00e9riels divers et vari\u00e9s immanquables avec des camping-cars ou des ap\u00e9ros \u00ab\u00a0interminables\u00a0\u00bb comme le souligne Ir\u00e8ne. Mais aussi les repas en commun qui laisseront, j&rsquo;en suis s\u00fbr, des souvenirs et des anecdotes \u00e0 chacun d&rsquo;entre nous.<br \/>\nMerci \u00e0 tous d&rsquo;avoir fait de ce voyage ce qu&rsquo;il a \u00e9t\u00e9.<\/p>\n<p>&#8211; <strong>Le compte-rendu de Ir\u00e8ne et Pierre du groupe 1<\/strong><br \/>\nApr\u00e8s un bref s\u00e9jour \u00e0 M\u00e9autis o\u00f9 se tenait l&rsquo;assembl\u00e9e g\u00e9n\u00e9rale de l&rsquo;association VUCC, 6 camping-cars, bien charg\u00e9s, ont quitt\u00e9 la r\u00e9gion le 19 mai pour un long p\u00e9riple de 11000 km en Allemagne, en R\u00e9publique Tch\u00e8que, en Pologne, en Bi\u00e9lorussie, en Russie et dans les Pays Baltes.<br \/>\nNous avons visit\u00e9 les capitales de chaque pays travers\u00e9 mais aussi quelques villes de l&rsquo;Anneau d&rsquo;Or (Vladimir, Souzdal, Seguiev-Possad, &#8230;), St P\u00e9tersbourg, Traka\u00ef ou Gdansk.<br \/>\n<u>Prague :<\/u><br \/>\nCapitale de la R\u00e9publique Tch\u00e8que, c\u00e9l\u00e8bre pour ses monuments gothiques et baroques, son ch\u00e2teau perch\u00e9 qui nous offre une vue imprenable, la vieille ville, le pont Charles, le Quartier Juif, &#8230;<br \/>\n<u>Varsovie :<\/u><br \/>\nCapitale de la Pologne avec son ch\u00e2teau Royal, la place du march\u00e9 et sa petite sir\u00e8ne, symbole de la ville, la maison natale de Marie Curie et sa statue \u00e9rig\u00e9e pr\u00e8s de la Vistule, la Voie Royale qui nous a conduit jusqu&rsquo;\u00e0 la statue de Fr\u00e9d\u00e9ric Chopin &#8230;<br \/>\n<u>Minsk :<\/u><br \/>\nAvec le groupe 2 nous formons une belle cha\u00eene humaine pour charger le fourgon de l&rsquo;association de Gomel avec tous les colis que nous avions pr\u00e9par\u00e9s et transport\u00e9s depuis la France.<br \/>\nAvec Isabelle, notre correspondante, nous avons parcouru Minsk et d\u00e9couvert l&rsquo;h\u00f4tel de ville, \u00ab\u00a0l&rsquo;\u00e9glise rouge\u00a0\u00bb, l&rsquo;ob\u00e9lisque de la victoire, la cath\u00e9drale Saint Esprit, le grand th\u00e9\u00e2tre national de l&rsquo;Op\u00e9ra et du Ballet o\u00f9 l&rsquo;on jouait \u00ab\u00a0La fontaine aux larmes\u00a0\u00bb &#8230;<br \/>\nLe 2 juin, nous avons pris la route qui nous conduisait vers la Russie en passant par la \u00ab\u00a0B\u00e9r\u00e9zina\u00a0\u00bb, le m\u00e9morial de Khatyn &#8211; site tr\u00e8s impressionnant &#8211; Vitebsk et la maison-mus\u00e9e de Chagall, Polotsk et le centre g\u00e9ographique de l&rsquo;Europe &#8230;<br \/>\n<u>Moscou :<\/u><br \/>\nNous nous souviendrons de son kremlin, de ses \u00e9glises et cath\u00e9drales dont la plus c\u00e9l\u00e8bre est la cath\u00e9drale de St Basile le Bienheureux avec ses bulbes torsad\u00e9s et color\u00e9s, sa mythique Place Rouge o\u00f9 nous avons rencontr\u00e9 \u00ab\u00a0Nathalie\u00a0\u00bb, son grand centre commercial \u00ab\u00a0le Goum\u00a0\u00bb, ses tr\u00e8s belles stations de m\u00e9tro, son caf\u00e9 \u00ab\u00a0Pouchkine\u00a0\u00bb o\u00f9 l&rsquo;on d\u00e9guste le fameux chocolat chaud servi apr\u00e8s un surprenant c\u00e9r\u00e9monial ! &#8230;<br \/>\n<u>Les villes de l&rsquo;Anneau d&rsquo;Or :<\/u><br \/>\nVladimir, Souzdal, Rostov ou Serguiev-Possad nous d\u00e9voilent leurs richesses : kremlins, monast\u00e8res, laures plus jolis les uns que les autres.<br \/>\n<u>St P\u00e9tersbourg :<\/u><br \/>\nSes monuments prestigieux : l&rsquo;Ermitage, L&rsquo;Amiraut\u00e9, le Palais de Marbre, le Palais d&rsquo;hiver, la cath\u00e9drale St Pierre et St Paul, Notre Dame de Kazan, la place du palais et la colonne Alexandre, l&rsquo;\u00e9glise St Sauveur, le palais de Peterhof &#8230;<br \/>\nN&rsquo;oublions pas la \u00ab\u00a0lev\u00e9e des ponts\u00a0\u00bb qui est un vrai spectacle tandis que le ciel se teinte d&rsquo;Ouest en Est de tons pastels.<br \/>\n<u>Les Pays Baltes :<\/u><br \/>\n<u>l&rsquo;Estonie<\/u> : nous avons \u00e9t\u00e9 s\u00e9duits par les villages pittoresques de Vergi, Vos\u00fc, Kasmu ou les manoirs de Malmse et de Loska. <u>Tallinn<\/u>, la capitale, avec l&rsquo;H\u00f4tel de ville et sa fa\u00e7ade gothique, le ch\u00e2teau de <u>Toompea<\/u>, les cath\u00e9drales Alexandre Nevsky et la Vierge Marie, la rue Pikk et ses belles demeures \u00e9troites et \u00e9lev\u00e9es comme la Grand Guilde ou la Guilde des ma\u00eetres artisans de St Canutis &#8230;<br \/>\n<u>la Lettonie<\/u> : apr\u00e8s une br\u00e8ve visite de C\u00e9sis et ses environs nous avons rejoint <u>Riga<\/u>, la capitale et son ch\u00e2teau, la cath\u00e9drale St Peter o\u00f9 nous avons entendu un concert d&rsquo;orgues, la tour Poudri\u00e8re, l&rsquo;H\u00f4tel de ville, la maison des T\u00eates Noires, la cath\u00e9drale orthodoxe de la Nativit\u00e9, &#8230; Arr\u00eat au Palais de Rund\u00e2le et visite de sa tr\u00e8s belle roseraie puis direction la \u00ab\u00a0Colline aux croix\u00a0\u00bb, un autre site tr\u00e8s impressionnant.<br \/>\n<u>la Lituanie<\/u> : visite de Kaunas, sa vieille ville et ses nombreuses statues dont celle du Grand Duc de Vitoutas qui repr\u00e9sente la cr\u00e9ation du pouvoir lituanien et ses quatre ennemis. <u>Vilnius<\/u> la capitale avec le palais des \u00ab\u00a0Grands Dukes\u00a0\u00bb, la cath\u00e9drale Stanislas, le Tour G\u00e9diminas, le quartier Uzupis (R\u00e9publique libre) et son Bronze Angel &#8230; <u>Traka\u00ef<\/u> : nous avons fait un petit d\u00e9tour pour saluer Richard, le mari de Suzanne (qui \u00e9tait absente) et visiter le ch\u00e2teau m\u00e9di\u00e9val.<br \/>\nApr\u00e8s le passage en Pologne nous avons visit\u00e9 le \u00ab\u00a0Repaire du Loup\u00a0\u00bb pr\u00e8s de Gerlioz o\u00f9 Hitler et ses collaborateurs v\u00e9curent de 1940 \u00e0 1944.<br \/>\n<u>Gdansk : <\/u><br \/>\nC&rsquo;est un port mais aussi une ville touristique avec la basilique Notre Dame dans laquelle on peut admirer son horloge astrologique et ses magnifiques orgues baroques, l&rsquo;H\u00f4tel de ville, l&rsquo;\u00e9glis St Nicolas et tout au nord de Gdansk le monument aux ouvriers du Chantier Naval tomb\u00e9s en 1970, l&rsquo;immeuble de \u00ab\u00a0Solidarnosc\u00a0\u00bb et sa terrasse qui surplombe le port et une partie de la ville &#8230;<br \/>\nApr\u00e8s une halte \u00e0 Novogard, nous avons rejoint l&rsquo;Allemagne.<br \/>\n<u>Berlin :<\/u><br \/>\nC&rsquo;est bien s\u00fbr la Porte de Brandebourg\u00a0\u00bb, la colonne de la Victoire, le Reichstag et le quartier du gouvernement, le m\u00e9morial de l&rsquo;Holocauste, le \u00ab\u00a0mur\u00a0\u00bb de Berlin, &#8230;<br \/>\nCertes, nous avons visit\u00e9 beaucoup d&rsquo;\u00e9glises, de monuments, de ch\u00e2teaux et de Palais mais nous nous souviendrons aussi : de cette journ\u00e9e pass\u00e9e pr\u00e8s de la mer Baltique, autour d&rsquo;un feu, apr\u00e8s un ap\u00e9ro \u00ab\u00a0\u00e0 la Russe\u00a0\u00bb et un d\u00e9licieux barbecue malgr\u00e9 un temps maussade, de ce repas improvis\u00e9 pr\u00e8s du parc National de Bielovieskaia Poutchka, de ces briefings suivis d&rsquo;ap\u00e9ros interminables ponctu\u00e9s de belles anecdotes et rigolades, de ces balades nocturnes ou de ces pause-caf\u00e9 bien n\u00e9cessaires &#8230;<br \/>\nMalgr\u00e9 le temps pas toujours cl\u00e9ment, les travaux fr\u00e9quents qui ralentissaient notre voyage, les GPS parfois capricieux, les petits tracas, nous garderons un excellent souvenir de ce p\u00e9riple passionnant qui s&rsquo;est d\u00e9roul\u00e9 dans une bonne ambiance.<br \/>\nMerci \u00e0 tous pour votre disponibilit\u00e9, votre aide parfois bien n\u00e9cessaire, votre gentillesse et votre humour.<br \/>\nUn grand merci \u00e0 G\u00e9rard et \u00e0 Nicole pour l&rsquo;organisation de ce superbe voyage qui a dur\u00e9 2 mois et comme disent certains de l&rsquo;association<br \/>\n\u00ab\u00a0<strong>ce n&rsquo;\u00e9tait pas des vacances !! &#8230;<\/strong>\u00a0\u00bb<\/p>\n<p>&#8211; <strong>Le \u00ab\u00a0ressenti\u00a0\u00bb de Jacques, l&rsquo;accompagnateur du groupe 2<\/strong><br \/>\n<em>Ce document a \u00e9t\u00e9 transmis dans un format tr\u00e8s pr\u00e9cis qui impose de le publier en respectant scrupuleusement ce format, il est donc accessible sous la forme d&rsquo;un fichier au format acrobat PDF en cliquant sur <a href=\".\/wp-content\/uploads\/2017\/07\/CR-JC-GR2.pdf\" target=\"_blank\" rel=\"noopener\"><strong>ce lien<\/strong><\/a>.<\/em><\/p>\n<p>&#8211; <strong>Le compte-rendu de Marie-Odile du groupe 2<\/strong><br \/>\nApr\u00e8s l&rsquo;AG de M\u00e9autis nous partons pour notre p\u00e9riple : R\u00e9publique Tch\u00e8que, Pologne,<br \/>\nBi\u00e9lorussie o\u00f9 nous devons d\u00e9charger, Russie puis Estonie, Lettonie, Lituanie.<\/p>\n<p>Apr\u00e9s 3 \u00e9tapes de transition Prague nous accueille sur sa petite \u00eele champ\u00eatre en centre ville. Belle rencontre avec le fils de Michel et Maryse qui nous guidera dans cette ville pleine de jeunesse. Les vitraux de la cath\u00e9drale, \u0153uvre de Chagall, m&rsquo;impressionnent. Nous n&rsquo;oublierons pas le repas sur un toit terrasse dominant toute la ville.<\/p>\n<p>Puis ce fut l&rsquo;entr\u00e9e en Pologne par Wroclaw. Encore une rencontre sympa, cette jeune femme qui nous voyant perplexes devant une d\u00e9viation nous ram\u00e8ne sur la bonne route.L&rsquo;aurions nous fait en France ? La vieille ville de Varsovie class\u00e9e UNESCO enceinte de remparts remarquables en briques est vraiment s\u00e9duisante<\/p>\n<p>A la fronti\u00e8re bi\u00e9lorusse nous perdons un \u00e9quipage en raison d&rsquo;un m\u00e9dicament interdit dans ce pays, nous le retrouverons en Lettonie avant de passer en Russie. Nous visitons la citadelle de Brest puis une r\u00e9serve de bisons et autres pour arriver \u00e0 Grodno o\u00f9 nous rencontrons un jeune bi\u00e9lorusse trop heureux de nous parler de son pays \u2026.en anglais. A partir de l\u00e0 les nuits commencent \u00e0 raccourcir. Nous d\u00e9couvrons plusieurs ch\u00e2teaux: Mir, Nesvizh.<br \/>\nA Minsk nous retrouvons le groupe 1 : ap\u00e9ro et repas ensemble, bonne ambiance sympathique. Au pr\u00e9alable nous avons rencontr\u00e9 les personnes venant de Gomel pour r\u00e9cup\u00e9rer notre chargement pour un orphelinat. Elles sont tres touch\u00e9es par notre geste mais ne s&rsquo;attardent pas car elles ont beaucoup de KM pour rentrer. Dommage !<br \/>\nLa visite de Minsk se fera en compagnie d&rsquo;une ancienne connaissance de VUCC, Isabelle \u00e0 qui nous pouvons rendre hommage pour son fran\u00e7ais et ses connaissances de l&rsquo;histoire de la ville et du pays,<br \/>\nApr\u00e9s un passage sur les lieux de la B\u00e9r\u00e9zina nous arrivons au m\u00e9morial de Kathyn immense, charg\u00e9 d&rsquo;une tr\u00e9s forte \u00e9motion. Nous passons rapidement au village natal de Chagall sans avoir le temps de visiter son mus\u00e9e.<br \/>\nPour passer en Russie il nous faudra patienter 8 heures. La pauvret\u00e9 des campagnes me saute aux yeux : elle fait abandonn\u00e9e.<br \/>\nAu \u00ab camping \u00bb de Moscou les 2 groupes communiquent peu.<br \/>\nMoscou est surprenant par ses monuments imposants, son m\u00e9tro profond et aux stations aux allures de mus\u00e9e. L&rsquo;anneau d&rsquo;or fut \u00e9court\u00e9 mais nous avons pu voir Bogolioubovo, Souzdal, Rostov, Serguiev-Possad.<br \/>\nDe St Petersbourg je gaderai en m\u00e9moire la cath\u00e9drale St Sauveur car enti\u00e8rement recouverte \u00e0 l&rsquo;int\u00e9rieur de mosa\u00efque et le palais de Peterhof. Marie, notre petite guide de 15 ans1\/2 nous r\u00e9gala par son fran\u00e7ais parfait et sa culture.<br \/>\nLes pays baltes m&rsquo;\u00e9tonnent par leur d\u00e9veloppement, leur ouverture vers l&rsquo;europe. Les quartiers anciens de leurs capitales t\u00e9moignent de leur histoire et donnent une impression de vie conviviale \u00e0 \u00e9chelle humaine. Nous zappons quelques villes.<br \/>\nEn Lituanie je retiendrai le ch\u00e2teau renaissance de Rundale et la colline aux croix , bouleversante.<br \/>\nA Traka\u00ef nous rendrons visite \u00e0 une connaissance de VUCC Suzanne mais elle est absente et Richard son mari nous recevra dans son petit paradis.<\/p>\n<p>Le voyage va vers sa fin. A la fronti\u00e8re estonienne Michel et Maryse nous ont quitt\u00e9s.<\/p>\n<p>A la fronti\u00e8re polonaise nous partons avec Jean-Pierre et Monique pour Gdansk, les 3 autres \u00e9quipages h\u00e9sitant sur leur trajet.<br \/>\nGdansk et sa vieille ville s&rsquo;offre comme un bijou, capitale de l&rsquo;ambre.<\/p>\n<p>Ce p\u00e9riple fut riche de d\u00e9couvertes. Certes nous avons vu ou visit\u00e9 beaucoup d&rsquo;\u00e9glises, de monast\u00e8res, de monuments, de ch\u00e2teaux mais c&rsquo;est le reflet d&rsquo;un pays, d&rsquo;une culture, d&rsquo;un peuple.<br \/>\nL&rsquo;art et l&rsquo;architecture me r\u00e9jouissent toujours m\u00eame \u00e0 haute dose.<br \/>\nUn groupe de 12 personnes demandent beaucoup de r\u00e9gulation dans le calme pour huiler le relationnel, les souhaits de chacun, le respect de tous.<br \/>\nLes repas pris ensemble furent sympathiques et les bivouacs rep\u00e9r\u00e9s \u00e0 l&rsquo;avance souvent agr\u00e9ables et tranquilles.<br \/>\nJe remercie chaleureusement ceux qui ont travaill\u00e9 \u00e0 la pr\u00e9paration de cette boucle de 11000 km.sur 2 mois.<\/p>\n<p>&#8211; <strong>Le rectificatif de Brigitte du groupe 2<\/strong><br \/>\nCela reste un r\u00e9sum\u00e9 personnel qui n\u2019engage que celui qui l\u2019\u00e9crit et je le respecte tout \u00e0 fait . N\u00e9anmoins je tiens \u00e0 pr\u00e9ciser une remarque qui me semble importante, dans le dernier paragraphe Marie Odile a not\u00e9 : \u00ab\u00a0<span style=\"font-family: Times New Roman;\"><i class=\"\">A la fronti\u00e8re polonaise nous partons avec Jean-Pierre et Monique pour Gdansk, les 3 autres \u00e9quipages h\u00e9sitant sur leur trajet. \u00bb<\/i> <\/span>. Les 3 autres \u00e9quipages n\u2019ont pas h\u00e9sit\u00e9 sur leur trajet puisqu\u2019ils avaient d\u00e9cid\u00e9 d\u2019aller \u00e0 la fromagerie qui \u00e9tait pr\u00e9vu sur le roadbook , alors que Jean Pierre qui avait eu une mauvaise exp\u00e9rience pr\u00e9c\u00e9dente avait d\u00e9cid\u00e9 de ne pas y aller et de se diriger vers Gdansk , Marie Odile ayant d\u00e9cid\u00e9 de le suivre &#8211; L\u2019objectif de ce rectificatif n\u2019est pas de pol\u00e9miquer mais de souligner un ressenti qui pouvait \u00eatre diff\u00e9rent . Malgr\u00e9 cette fin qui a pu para\u00eetre difficile pour certains ce voyage reste un excellent souvenir avec de belles exp\u00e9riences.<\/p>\n<p>__________________________________________________________________________________________________________________<\/p>\n<h4 class=\"wp-block-heading\"><span style=\"color: #008000;\"><strong>\u2248&gt; <\/strong><\/span><a href=\"http:\/\/www.voyagesutilesencampingcar.fr\/?page_id=2097\">Souvenirs 2024<\/a><strong>\u00a0\u00a0 <\/strong><span style=\"color: #008000;\"><strong> \u2248&gt; <\/strong><\/span><a href=\"http:\/\/www.voyagesutilesencampingcar.fr\/?page_id=1972\">Souvenirs 2023<\/a><strong>\u00a0\u00a0 <\/strong><span style=\"color: #008000;\"><strong>\u2248&gt; <\/strong><\/span><a href=\"http:\/\/www.voyagesutilesencampingcar.fr\/?page_id=1807\">Souvenirs 2019<\/a><strong>\u00a0\u00a0 <\/strong><span style=\"color: #008000;\"><strong>\u2248&gt; <\/strong><\/span><a href=\"http:\/\/www.voyagesutilesencampingcar.fr\/?page_id=1155\">Souvenirs 2018<\/a><\/h4>\n<h4 class=\"wp-block-heading\"><span style=\"color: #008000;\"><strong>\u00a0\u00a0\u00a0\u00a0\u00a0\u00a0\u2248&gt; <\/strong><\/span><a href=\"http:\/\/www.voyagesutilesencampingcar.fr\/?page_id=886\">Souvenirs 2017 \u00a0<\/a><span style=\"color: #008000;\"><strong>\u2248&gt; <\/strong><\/span><a href=\"http:\/\/www.voyagesutilesencampingcar.fr\/?page_id=892\">Souvenirs 2016<\/a><strong>\u00a0\u00a0 <\/strong><span style=\"color: #008000;\"><strong>\u2248&gt; <\/strong><\/span><a href=\"http:\/\/www.voyagesutilesencampingcar.fr\/?page_id=894\">Souvenirs 2015<\/a><strong>\u00a0\u00a0 <\/strong><span style=\"color: #008000;\"><strong>\u2248&gt; <\/strong><\/span><a href=\"http:\/\/www.voyagesutilesencampingcar.fr\/?page_id=896\">Souvenirs 2014<\/a><strong>\u00a0\u00a0 <\/strong><\/h4>\n<h4 class=\"wp-block-heading\"><span style=\"color: #008000;\"><strong>\u00a0\u00a0\u00a0\u00a0\u00a0\u00a0\u00a0\u00a0\u00a0\u2248&gt; <\/strong><\/span><a href=\"http:\/\/www.voyagesutilesencampingcar.fr\/?page_id=905\">Souvenirs 2013<\/a><strong>\u00a0\u00a0 <\/strong> <span style=\"color: #008000;\"><strong> \u2248&gt; <\/strong><\/span><a href=\"http:\/\/www.voyagesutilesencampingcar.fr\/?page_id=9108\">Souvenirs 2012<\/a><strong>\u00a0\u00a0 <\/strong><span style=\"color: #008000;\"><strong> \u2248&gt; <\/strong><\/span><a href=\"http:\/\/www.voyagesutilesencampingcar.fr\/?page_id=910\">Souvenirs 2011<\/a><strong>\u00a0\u00a0 <\/strong><span style=\"color: #008000;\"><strong> \u2248&gt; <\/strong><\/span><a href=\"http:\/\/www.voyagesutilesencampingcar.fr\/?page_id=912\">Souvenirs 2010<\/a><\/h4>\n<h4 class=\"wp-block-heading\"><span style=\"color: #008000;\"><strong>\u00a0\u00a0\u00a0\u00a0\u00a0\u00a0\u00a0\u00a0\u00a0\u00a0\u00a0\u00a0\u2248&gt; <\/strong><\/span><a href=\"http:\/\/www.voyagesutilesencampingcar.fr\/?page_id=914\">Souvenirs 2009<\/a><span style=\"color: #008000;\"><strong>\u00a0\u00a0\u00a0\u00a0\u00a0\u00a0\u2248&gt; <\/strong><\/span><a href=\"http:\/\/www.voyagesutilesencampingcar.fr\/?page_id=916\">Souvenirs 2008<\/a><\/h4>\n","protected":false},"excerpt":{"rendered":"<p>\u2248&gt; 2017 Portugal &#8211; Le compte-rendu des accompagnateurs Le lieu de rassemblement des 7 \u00e9quipages \u00e9tait COUERON dans la banlieue nantaise sur les bords de Loire puisque le chargement des colis, v\u00eatements et denr\u00e9es alimentaires diverses pr\u00e9par\u00e9s par l\u2019Association \u00ab DES AILES POUR LE Portugal \u00bb se faisait dans le local de l\u2019Association. Il est &hellip; <a href=\"http:\/\/www.voyagesutilesencampingcar.fr\/?page_id=886\">Continue reading <span class=\"meta-nav\">&rarr;<\/span><\/a><\/p>\n","protected":false},"author":1,"featured_media":0,"parent":119,"menu_order":0,"comment_status":"closed","ping_status":"closed","template":"template-sidebar-right.php","meta":{"footnotes":""},"class_list":["post-886","page","type-page","status-publish","hentry"],"_links":{"self":[{"href":"http:\/\/www.voyagesutilesencampingcar.fr\/index.php?rest_route=\/wp\/v2\/pages\/886","targetHints":{"allow":["GET"]}}],"collection":[{"href":"http:\/\/www.voyagesutilesencampingcar.fr\/index.php?rest_route=\/wp\/v2\/pages"}],"about":[{"href":"http:\/\/www.voyagesutilesencampingcar.fr\/index.php?rest_route=\/wp\/v2\/types\/page"}],"author":[{"embeddable":true,"href":"http:\/\/www.voyagesutilesencampingcar.fr\/index.php?rest_route=\/wp\/v2\/users\/1"}],"replies":[{"embeddable":true,"href":"http:\/\/www.voyagesutilesencampingcar.fr\/index.php?rest_route=%2Fwp%2Fv2%2Fcomments&post=886"}],"version-history":[{"count":4,"href":"http:\/\/www.voyagesutilesencampingcar.fr\/index.php?rest_route=\/wp\/v2\/pages\/886\/revisions"}],"predecessor-version":[{"id":2138,"href":"http:\/\/www.voyagesutilesencampingcar.fr\/index.php?rest_route=\/wp\/v2\/pages\/886\/revisions\/2138"}],"up":[{"embeddable":true,"href":"http:\/\/www.voyagesutilesencampingcar.fr\/index.php?rest_route=\/wp\/v2\/pages\/119"}],"wp:attachment":[{"href":"http:\/\/www.voyagesutilesencampingcar.fr\/index.php?rest_route=%2Fwp%2Fv2%2Fmedia&parent=886"}],"curies":[{"name":"wp","href":"https:\/\/api.w.org\/{rel}","templated":true}]}}