{"id":8,"date":"2013-02-14T16:27:19","date_gmt":"2013-02-14T15:27:19","guid":{"rendered":"http:\/\/localhost\/VUCC\/?page_id=8"},"modified":"2025-10-10T17:28:54","modified_gmt":"2025-10-10T16:28:54","slug":"voyages","status":"publish","type":"page","link":"http:\/\/www.voyagesutilesencampingcar.fr\/?page_id=8","title":{"rendered":"Les voyages"},"content":{"rendered":"<p style=\"text-align: justify;\">Voyager est le d\u00e9sir premier de tout camping-cariste. Pour les adh\u00e9rents de VUCC, la d\u00e9couverte de pays plus ou moins lointains s&rsquo;accompagne du plaisir de r\u00e9aliser une op\u00e9ration utile en faveur de populations d\u00e9favoris\u00e9es.<\/p>\n<p style=\"text-align: justify;\">De nouveau nous sommes en mesure d&rsquo;esp\u00e9rer et de <a title=\"En pr\u00e9paration\" href=\"http:\/\/voyagesutilesencampingcar.fr\/?page_id=388\">pr\u00e9parer<\/a> des voyages ! Nous attendons avec impatience de pouvoir repartir !<\/p>\n<p style=\"text-align: justify;\">VUCC, depuis ses d\u00e9buts, a d\u00e9j\u00e0 beaucoup voyag\u00e9 comme en t\u00e9moigne ces <a title=\"Historique\" href=\"http:\/\/voyagesutilesencampingcar.fr\/?page_id=2097\">souvenirs<\/a>.<\/p>\n<p style=\"text-align: justify;\">Lors de l&rsquo;Assembl\u00e9e g\u00e9n\u00e9rale de 2015 et \u00e0 la demande d&rsquo;un certain nombre d&rsquo;adh\u00e9rents, des <a title=\"Escapades\" href=\"http:\/\/www.voyagesutilesencampingcar.fr\/?page_id=1830\">escapades<\/a> sont propos\u00e9es sur de tr\u00e8s courtes dur\u00e9es et en France. Cette initiative s&rsquo;inscrit dans la volont\u00e9 de l&rsquo;association de proposer \u00e0 ses adh\u00e9rents des occasions de rencontres amicales en dehors du rassemblement annuel autour de l&rsquo;assembl\u00e9e g\u00e9n\u00e9rale et des voyages qui restent le pilier fondamental de VUCC.<\/p>\n<p style=\"text-align: center;\"><img loading=\"lazy\" decoding=\"async\" class=\" wp-image-267 aligncenter\" src=\"http:\/\/www.voyagesutilesencampingcar.fr\/wp-content\/uploads\/2013\/02\/voyages_1.gif\" alt=\"voyages_1\" width=\"480\" height=\"278\" \/><\/p>\n","protected":false},"excerpt":{"rendered":"<p>Voyager est le d\u00e9sir premier de tout camping-cariste. Pour les adh\u00e9rents de VUCC, la d\u00e9couverte de pays plus ou moins lointains s&rsquo;accompagne du plaisir de r\u00e9aliser une op\u00e9ration utile en faveur de populations d\u00e9favoris\u00e9es. De nouveau nous sommes en mesure d&rsquo;esp\u00e9rer et de pr\u00e9parer des voyages ! Nous attendons avec impatience de pouvoir repartir ! &hellip; <a href=\"http:\/\/www.voyagesutilesencampingcar.fr\/?page_id=8\">Continue reading <span class=\"meta-nav\">&rarr;<\/span><\/a><\/p>\n","protected":false},"author":1,"featured_media":0,"parent":0,"menu_order":0,"comment_status":"closed","ping_status":"closed","template":"template-sidebar-right.php","meta":{"footnotes":""},"class_list":["post-8","page","type-page","status-publish","hentry"],"_links":{"self":[{"href":"http:\/\/www.voyagesutilesencampingcar.fr\/index.php?rest_route=\/wp\/v2\/pages\/8","targetHints":{"allow":["GET"]}}],"collection":[{"href":"http:\/\/www.voyagesutilesencampingcar.fr\/index.php?rest_route=\/wp\/v2\/pages"}],"about":[{"href":"http:\/\/www.voyagesutilesencampingcar.fr\/index.php?rest_route=\/wp\/v2\/types\/page"}],"author":[{"embeddable":true,"href":"http:\/\/www.voyagesutilesencampingcar.fr\/index.php?rest_route=\/wp\/v2\/users\/1"}],"replies":[{"embeddable":true,"href":"http:\/\/www.voyagesutilesencampingcar.fr\/index.php?rest_route=%2Fwp%2Fv2%2Fcomments&post=8"}],"version-history":[{"count":21,"href":"http:\/\/www.voyagesutilesencampingcar.fr\/index.php?rest_route=\/wp\/v2\/pages\/8\/revisions"}],"predecessor-version":[{"id":2111,"href":"http:\/\/www.voyagesutilesencampingcar.fr\/index.php?rest_route=\/wp\/v2\/pages\/8\/revisions\/2111"}],"wp:attachment":[{"href":"http:\/\/www.voyagesutilesencampingcar.fr\/index.php?rest_route=%2Fwp%2Fv2%2Fmedia&parent=8"}],"curies":[{"name":"wp","href":"https:\/\/api.w.org\/{rel}","templated":true}]}}