{"id":1972,"date":"2025-01-18T18:09:39","date_gmt":"2025-01-18T17:09:39","guid":{"rendered":"http:\/\/www.voyagesutilesencampingcar.fr\/?page_id=1972"},"modified":"2025-10-11T12:56:13","modified_gmt":"2025-10-11T11:56:13","slug":"historique","status":"publish","type":"page","link":"http:\/\/www.voyagesutilesencampingcar.fr\/?page_id=1972","title":{"rendered":"Souvenirs 2023"},"content":{"rendered":"<p><span style=\"color: #008000;\"><strong>\u2248&gt; 2023 <\/strong><\/span><\/p>\n<ul>\n<li>\n<h5><span style=\"text-decoration: underline; color: #339966;\"><strong>La Pologne<\/strong><\/span><\/h5>\n<\/li>\n<\/ul>\n<p style=\"text-align: center;\"><strong>Organis\u00e9 et accompagn\u00e9 par Jean-Claude Gl\u00e9nard et Mireille, Monique et Robert M\u00e9nichon.<\/strong><\/p>\n<p>Nous venons d\u2019achever notre premier voyage VUCC d\u2019environ 2 mois en Pologne. Le but de ce voyage \u00e9tait de livrer des jouets aux enfants d\u00e9favoris\u00e9s de Pologne et d\u2019Ukraine. Le maire de la ville de Oswi\u0119cim, lieu de livraison des jouets, nous a accueilli autour d\u2019un savoureux repas typiquement polonais et nous a invit\u00e9 \u00e0 d\u00e9couvrir sa ville, qui \u00e9tait tr\u00e8s sympa.<\/p>\n<p>Pour ce voyage, nous avons fait confiance \u00e0 Jean-Claude et Robert, nos deux accompagnateurs. Ces derniers nous ont pr\u00e9par\u00e9 tout l\u2019itin\u00e9raire, ainsi que l\u2019ensemble des points GPS et la cartographie. Ils n\u2019ont pas compt\u00e9 leur temps pour nous accompagner et nous faire d\u00e9couvrir la Pologne. En effet, l\u2019itin\u00e9raire qu\u2019ils ont choisi nous a permis de d\u00e9couvrir ce magnifique pays qu\u2019est la Pologne, \u00e0 travers ses villes et ses campagnes. Ils nous ont permis d\u2019explorer la culture polonaise et sa gastronomie gr\u00e2ce aux diff\u00e9rents guides qu\u2019ils nous avaient r\u00e9serv\u00e9s.<\/p>\n<p>Nous \u00e9tions six \u00e9quipages. Ils nous ont accueilli les bras ouverts, nous permettant ainsi de passer un excellent voyage. Nous avons \u00e9t\u00e9 impressionn\u00e9s par l\u2019organisation de nos accompagnateurs, qui ont permis de g\u00e9rer au mieux ce convoi, notamment gr\u00e2ce \u00e0 l\u2019importance de la CB.<\/p>\n<p>Nous rentrons \u00e0 la maison des souvenirs plein la t\u00eate. \u00c7a a \u00e9t\u00e9 une tr\u00e8s belle exp\u00e9rience et nous sommes ravis d\u2019avoir d\u00e9couvert la culture polonaise et d\u2019avoir \u00e9t\u00e9 utiles gr\u00e2ce \u00e0 VUCC. Nous remercions encore une fois Jean-Claude et Robert, ainsi que tous les \u00e9quipages. \u00c0 notre prochain voyage !<\/p>\n<p>Martine et Dany Bercovici<\/p>\n<ul>\n<li>\n<h5><span style=\"text-decoration: underline; color: #339966;\"><strong>La Gr\u00e8ce<\/strong><\/span><\/h5>\n<\/li>\n<\/ul>\n<p style=\"text-align: center;\"><strong>PROJET DE VOYAGE VUCC propos\u00e9 par V\u00e9ronique et Jacky GAUTHIER<\/strong><\/p>\n<p style=\"text-align: justify;\">Une destination qui est tr\u00e8s europ\u00e9enne LA GRECE nous offrira ses multiples explorations et d\u00e9couvertes.<br \/>\nNotre p\u00e9riple s\u2019inspirera de la volont\u00e9 permanente que nous avons d\u2019approcher la vie des peuples des pays que nous visitons.<br \/>\nAinsi en Gr\u00e8ce nous ne pourrons QUE d\u00e9couvrir au fils des routes que nous emprunterons tout le pass\u00e9 historique et antique qu\u2019a v\u00e9cu ce pays en pr\u00e9cisant que tous les sites ne seront pas visit\u00e9s, ce n\u2019est pas le principal objectif de notre proposition de voyage.<br \/>\nMais nous aurons \u00e0 coeur de parcourir le monde rural avec tous ces petits villages diss\u00e9min\u00e9s dans les montagnes et vall\u00e9es.<br \/>\nNous partirons par l\u2019Italie en utilisant les autoroutes (une fois n\u2019est pas coutume) vers le port d\u2019ANC\u00d4NE au bord de l\u2019Adriatique pour prendre le ferry, afin de rejoindre le port d\u2019IGOUMESNISTA en Gr\u00e8ce.<br \/>\nNous nous dirigerons vers LE PELOPONNESE en utilisant les routes c\u00f4ti\u00e8res et diverses incursions vers les campagnes nous d\u00e9voilant \u00e7a et l\u00e0 les sites de l\u2019histoire antique. TOUS et CHACUN pourront amplifier leurs connaissances ou r\u00e9-appendre ces p\u00e9riodes de l\u2019antiquit\u00e9. Le P\u00e9loponn\u00e8se nous obligera de nombreux petits arr\u00eats dans de nombreux site c\u00f4tiers qui seront souvent nos lieux de bivouac.<br \/>\nATHENES ville incontournable fera l\u2019objet d\u2019un arr\u00eat de plusieurs jours selon les souhaits des \u00e9quipages qui composeront notre groupe.<br \/>\nNous traverserons la p\u00e9ninsule montagneuse du PELION au travers des vall\u00e9es, des monast\u00e8res, des petites \u00e9glises de villages.<br \/>\nLA THESSALIE et les curiosit\u00e9s g\u00e9ologiques des M\u00e9t\u00e9ores avec ses nombreux monast\u00e8res.<\/p>\n<ul>\n<li>\n<h5><span style=\"text-decoration: underline; color: #339966;\"><strong>Les Balkans<\/strong><\/span><\/h5>\n<\/li>\n<\/ul>\n<p style=\"text-align: center;\"><strong>Organis\u00e9 et accompagn\u00e9 par Nicole et G\u00e9rard Merle<\/strong><\/p>\n<p style=\"text-align: left;\">Les Balkans ont \u00e9t\u00e9 plusieurs fois au menu des voyages VUCC, mais une fois de plus n&rsquo;est pas n\u00e9cessairement une fois de trop.<br \/>\nDu 6 septembre au 25 octobre un groupe de 6 camping-cars puis rapidement de 5 \u00e0 parcouru plus de 7000 km \u00e0 travers la Slov\u00e9nie, la Croatie, la Serbie, la Mac\u00e9doine du Nord, l&rsquo;Albanie, le Mont\u00e9n\u00e9gro et la Bosnie-Hez\u00e9govine sans oublier la travers\u00e9e n\u00e9cessaire de l&rsquo;Italie.<\/p>\n<p style=\"text-align: left;\">En effet 6 puis 5 camping-cars car un \u00e9quipage a pr\u00e9f\u00e9r\u00e9 quitter le groupe tr\u00e8s rapidement. La fa\u00e7on de voyager de VUCC, en convoi et toujours ensemble, ne leur convenait absolument pas de m\u00eame que voyager sous le joug d&rsquo;un accompagnateur leur \u00e9tait insupportable.<\/p>\n<p style=\"text-align: left;\">Le geste utile,\u00a0 en relation avec l&rsquo;association France-Serbie, va, quant \u00e0 lui, rester dans nos souvenirs les meilleurs. Nous avons \u00e9t\u00e9 merveilleusement et chaleureusement accueillis par Oliver et toute l&rsquo;\u00e9quipe de la Croix Rouge de Despotovac ainsi que par la directrice et l&rsquo;ensemble du personnel de l&rsquo;\u00e9cole de Svilajnac o\u00f9 nous avons d\u00e9pos\u00e9 principalement des v\u00eatements et des couvertures ainsi que du mat\u00e9riel p\u00e9dagogique dont des ordinateurs portables offerts par une entreprise en France.<\/p>\n<p style=\"text-align: left;\">Pour l&rsquo;occasion les 150\u20ac de budget allou\u00e9s aux groupes de voyage ont \u00e9t\u00e9 utilis\u00e9s pour abonder la souscription de la Croix Rouge de Despotovac pour acheter un v\u00e9hicule.<\/p>\n<p style=\"text-align: left;\">Pour ce qui concerne le volet touristique, ce qu&rsquo;on peut retenir c&rsquo;est que l&rsquo;ensemble de ces pays pr\u00e9sentent de superbes paysages montagneux, disposent d&rsquo;un patrimoine arch\u00e9ologique, religieux ou moderne tr\u00e8s int\u00e9ressant \u00e0 d\u00e9couvrir, ont des populations tr\u00e8s ouvertes et tr\u00e8s accueillantes mais que, 30 ans apr\u00e8s, les traces de la guerre lors de l&rsquo;\u00e9clatement de la Yougoslavie sont encore tr\u00e8s pr\u00e9sentes.<\/p>\n<p style=\"text-align: left;\">La bonne harmonie du groupe a un peu souffert du comportement parfois difficile de certains mais cela n&rsquo;a pas emp\u00each\u00e9 de profiter pleinement de ce p\u00e9riple.<\/p>\n<p style=\"text-align: left;\">Nous ne pouvons que conseiller aux adh\u00e9rents de VUCC de reproduire ce voyage, ils ne le regretteront pas.<\/p>\n<p style=\"text-align: left;\">Nicole et G\u00e9rard<\/p>\n<p>__________________________________________________________________________________________________________________<\/p>\n<h4 class=\"wp-block-heading\"><span style=\"color: #008000;\"><strong>\u2248&gt; <\/strong><\/span><a href=\"http:\/\/www.voyagesutilesencampingcar.fr\/?page_id=2097\">Souvenirs 2024<\/a><strong>\u00a0\u00a0 <\/strong><span style=\"color: #008000;\"><strong> \u2248&gt; <\/strong><\/span><a href=\"http:\/\/www.voyagesutilesencampingcar.fr\/?page_id=1972\">Souvenirs 2023<\/a><strong>\u00a0\u00a0 <\/strong><span style=\"color: #008000;\"><strong>\u2248&gt; <\/strong><\/span><a href=\"http:\/\/www.voyagesutilesencampingcar.fr\/?page_id=1807\">Souvenirs 2019<\/a><strong>\u00a0\u00a0 <\/strong><span style=\"color: #008000;\"><strong>\u2248&gt; <\/strong><\/span><a href=\"http:\/\/www.voyagesutilesencampingcar.fr\/?page_id=1155\">Souvenirs 2018<\/a><\/h4>\n<h4 class=\"wp-block-heading\"><span style=\"color: #008000;\"><strong>\u00a0\u00a0\u00a0\u00a0\u00a0\u00a0\u2248&gt; <\/strong><\/span><a href=\"http:\/\/www.voyagesutilesencampingcar.fr\/?page_id=886\">Souvenirs 2017 \u00a0<\/a><span style=\"color: #008000;\"><strong>\u2248&gt; <\/strong><\/span><a href=\"http:\/\/www.voyagesutilesencampingcar.fr\/?page_id=892\">Souvenirs 2016<\/a><strong>\u00a0\u00a0 <\/strong><span style=\"color: #008000;\"><strong>\u2248&gt; <\/strong><\/span><a href=\"http:\/\/www.voyagesutilesencampingcar.fr\/?page_id=894\">Souvenirs 2015<\/a><strong>\u00a0\u00a0 <\/strong><span style=\"color: #008000;\"><strong>\u2248&gt; <\/strong><\/span><a href=\"http:\/\/www.voyagesutilesencampingcar.fr\/?page_id=896\">Souvenirs 2014<\/a><strong>\u00a0\u00a0 <\/strong><\/h4>\n<h4 class=\"wp-block-heading\"><span style=\"color: #008000;\"><strong>\u00a0\u00a0\u00a0\u00a0\u00a0\u00a0\u00a0\u00a0\u00a0\u2248&gt; <\/strong><\/span><a href=\"http:\/\/www.voyagesutilesencampingcar.fr\/?page_id=905\">Souvenirs 2013<\/a><strong>\u00a0\u00a0 <\/strong> <span style=\"color: #008000;\"><strong> \u2248&gt; <\/strong><\/span><a href=\"http:\/\/www.voyagesutilesencampingcar.fr\/?page_id=9108\">Souvenirs 2012<\/a><strong>\u00a0\u00a0 <\/strong><span style=\"color: #008000;\"><strong> \u2248&gt; <\/strong><\/span><a href=\"http:\/\/www.voyagesutilesencampingcar.fr\/?page_id=910\">Souvenirs 2011<\/a><strong>\u00a0\u00a0 <\/strong><span style=\"color: #008000;\"><strong> \u2248&gt; <\/strong><\/span><a href=\"http:\/\/www.voyagesutilesencampingcar.fr\/?page_id=912\">Souvenirs 2010<\/a><\/h4>\n<h4 class=\"wp-block-heading\"><span style=\"color: #008000;\"><strong>\u00a0\u00a0\u00a0\u00a0\u00a0\u00a0\u00a0\u00a0\u00a0\u00a0\u00a0\u00a0\u2248&gt; <\/strong><\/span><a href=\"http:\/\/www.voyagesutilesencampingcar.fr\/?page_id=914\">Souvenirs 2009<\/a><span style=\"color: #008000;\"><strong>\u00a0\u00a0\u00a0\u00a0\u00a0\u00a0\u2248&gt; <\/strong><\/span><a href=\"http:\/\/www.voyagesutilesencampingcar.fr\/?page_id=916\">Souvenirs 2008<\/a><\/h4>\n","protected":false},"excerpt":{"rendered":"<p>\u2248&gt; 2023 La Pologne Organis\u00e9 et accompagn\u00e9 par Jean-Claude Gl\u00e9nard et Mireille, Monique et Robert M\u00e9nichon. Nous venons d\u2019achever notre premier voyage VUCC d\u2019environ 2 mois en Pologne. Le but de ce voyage \u00e9tait de livrer des jouets aux enfants d\u00e9favoris\u00e9s de Pologne et d\u2019Ukraine. Le maire de la ville de Oswi\u0119cim, lieu de livraison &hellip; <a href=\"http:\/\/www.voyagesutilesencampingcar.fr\/?page_id=1972\">Continue reading <span class=\"meta-nav\">&rarr;<\/span><\/a><\/p>\n","protected":false},"author":1,"featured_media":0,"parent":119,"menu_order":0,"comment_status":"closed","ping_status":"closed","template":"template-sidebar-right.php","meta":{"footnotes":""},"class_list":["post-1972","page","type-page","status-publish","hentry"],"_links":{"self":[{"href":"http:\/\/www.voyagesutilesencampingcar.fr\/index.php?rest_route=\/wp\/v2\/pages\/1972","targetHints":{"allow":["GET"]}}],"collection":[{"href":"http:\/\/www.voyagesutilesencampingcar.fr\/index.php?rest_route=\/wp\/v2\/pages"}],"about":[{"href":"http:\/\/www.voyagesutilesencampingcar.fr\/index.php?rest_route=\/wp\/v2\/types\/page"}],"author":[{"embeddable":true,"href":"http:\/\/www.voyagesutilesencampingcar.fr\/index.php?rest_route=\/wp\/v2\/users\/1"}],"replies":[{"embeddable":true,"href":"http:\/\/www.voyagesutilesencampingcar.fr\/index.php?rest_route=%2Fwp%2Fv2%2Fcomments&post=1972"}],"version-history":[{"count":2,"href":"http:\/\/www.voyagesutilesencampingcar.fr\/index.php?rest_route=\/wp\/v2\/pages\/1972\/revisions"}],"predecessor-version":[{"id":2141,"href":"http:\/\/www.voyagesutilesencampingcar.fr\/index.php?rest_route=\/wp\/v2\/pages\/1972\/revisions\/2141"}],"up":[{"embeddable":true,"href":"http:\/\/www.voyagesutilesencampingcar.fr\/index.php?rest_route=\/wp\/v2\/pages\/119"}],"wp:attachment":[{"href":"http:\/\/www.voyagesutilesencampingcar.fr\/index.php?rest_route=%2Fwp%2Fv2%2Fmedia&parent=1972"}],"curies":[{"name":"wp","href":"https:\/\/api.w.org\/{rel}","templated":true}]}}